CRAN Package Check Results for Package zipfR

Last updated on 2020-08-04 09:48:46 CEST.

Flavor Version Tinstall Tcheck Ttotal Status Flags
r-devel-linux-x86_64-debian-clang 0.6-66 8.80 80.21 89.01 OK
r-devel-linux-x86_64-debian-gcc 0.6-66 7.63 65.09 72.72 OK
r-devel-linux-x86_64-fedora-clang 0.6-66 135.37 NOTE
r-devel-linux-x86_64-fedora-gcc 0.6-66 113.33 NOTE
r-devel-windows-ix86+x86_64 0.6-66 20.00 92.00 112.00 OK
r-patched-linux-x86_64 0.6-66 9.67 78.66 88.33 OK
r-patched-solaris-x86 0.6-66 154.30 NOTE
r-release-linux-x86_64 0.6-66 8.73 77.62 86.35 OK
r-release-macos-x86_64 0.6-66 NOTE
r-release-windows-ix86+x86_64 0.6-66 16.00 134.00 150.00 OK
r-oldrel-macos-x86_64 0.6-66 NOTE
r-oldrel-windows-ix86+x86_64 0.6-66 13.00 87.00 100.00 OK

Check Details

Version: 0.6-66
Check: data for non-ASCII characters
Result: NOTE
     Note: found 146804 marked UTF-8 strings
Flavors: r-devel-linux-x86_64-fedora-clang, r-devel-linux-x86_64-fedora-gcc, r-patched-solaris-x86, r-release-macos-x86_64, r-oldrel-macos-x86_64