CRAN Package Check Results for Package zipfR

Last updated on 2020-01-21 17:49:38 CET.

Flavor Version Tinstall Tcheck Ttotal Status Flags
r-devel-linux-x86_64-debian-clang 0.6-66 9.39 80.28 89.67 OK
r-devel-linux-x86_64-debian-gcc 0.6-66 7.46 62.01 69.47 OK
r-devel-linux-x86_64-fedora-clang 0.6-66 108.68 NOTE
r-devel-linux-x86_64-fedora-gcc 0.6-66 109.45 NOTE
r-devel-windows-ix86+x86_64 0.6-66 21.00 137.00 158.00 OK
r-devel-windows-ix86+x86_64-gcc8 0.6-66 15.00 137.00 152.00 OK
r-patched-linux-x86_64 0.6-66 8.01 72.38 80.39 OK
r-patched-solaris-x86 0.6-66 140.40 NOTE
r-release-linux-x86_64 0.6-66 7.82 70.72 78.54 OK
r-release-windows-ix86+x86_64 0.6-66 13.00 87.00 100.00 OK
r-release-osx-x86_64 0.6-66 NOTE
r-oldrel-windows-ix86+x86_64 0.6-66 10.00 86.00 96.00 OK
r-oldrel-osx-x86_64 0.6-66 NOTE

Check Details

Version: 0.6-66
Check: data for non-ASCII characters
Result: NOTE
     Note: found 146804 marked UTF-8 strings
Flavors: r-devel-linux-x86_64-fedora-clang, r-devel-linux-x86_64-fedora-gcc, r-patched-solaris-x86, r-release-osx-x86_64, r-oldrel-osx-x86_64