CRAN Package Check Results for Package wordnet

Last updated on 2020-01-21 17:49:38 CET.

Flavor Version Tinstall Tcheck Ttotal Status Flags
r-devel-linux-x86_64-debian-clang 0.1-14 3.40 38.81 42.21 OK
r-devel-linux-x86_64-debian-gcc 0.1-14 3.01 31.40 34.41 OK
r-devel-linux-x86_64-fedora-clang 0.1-14 54.84 NOTE
r-devel-linux-x86_64-fedora-gcc 0.1-14 53.76 NOTE
r-devel-windows-ix86+x86_64 0.1-14 14.00 76.00 90.00 OK
r-devel-windows-ix86+x86_64-gcc8 0.1-14 8.00 67.00 75.00 OK
r-patched-linux-x86_64 0.1-14 2.78 36.57 39.35 OK
r-patched-solaris-x86 0.1-14 67.30 OK
r-release-linux-x86_64 0.1-14 2.96 36.38 39.34 OK
r-release-windows-ix86+x86_64 0.1-14 8.00 72.00 80.00 OK
r-release-osx-x86_64 0.1-14 NOTE
r-oldrel-windows-ix86+x86_64 0.1-14 8.00 48.00 56.00 OK
r-oldrel-osx-x86_64 0.1-14 NOTE

Check Details

Version: 0.1-14
Check: top-level files
Result: NOTE
     possible bashism in configure line 49 (test -a/-o):
     if test ${java_version_maj} -ge 5 || \
     test ${java_version_maj} -eq 1 -a ${java_version_min} -ge 5;
Flavors: r-devel-linux-x86_64-fedora-clang, r-devel-linux-x86_64-fedora-gcc

Version: 0.1-14
Check: whether the namespace can be loaded with stated dependencies
Result: NOTE
    Warning in initDict() :
     cannot find WordNet 'dict' directory: please set the environment variable WNHOME to its parent
    
    A namespace must be able to be loaded with just the base namespace
    loaded: otherwise if the namespace gets loaded by a saved object, the
    session will be unable to start.
    
    Probably some imports need to be declared in the NAMESPACE file.
Flavors: r-release-osx-x86_64, r-oldrel-osx-x86_64