CRAN Package Check Results for Package wordnet

Last updated on 2020-08-04 09:48:46 CEST.

Flavor Version Tinstall Tcheck Ttotal Status Flags
r-devel-linux-x86_64-debian-clang 0.1-14 3.58 39.49 43.07 OK
r-devel-linux-x86_64-debian-gcc 0.1-14 2.80 30.59 33.39 OK
r-devel-linux-x86_64-fedora-clang 0.1-14 65.21 NOTE
r-devel-linux-x86_64-fedora-gcc 0.1-14 53.42 NOTE
r-devel-windows-ix86+x86_64 0.1-14 11.00 54.00 65.00 OK
r-patched-linux-x86_64 0.1-14 3.27 38.42 41.69 OK
r-patched-solaris-x86 0.1-14 84.90 OK
r-release-linux-x86_64 0.1-14 3.48 38.62 42.10 OK
r-release-macos-x86_64 0.1-14 NOTE
r-release-windows-ix86+x86_64 0.1-14 11.00 57.00 68.00 OK
r-oldrel-macos-x86_64 0.1-14 NOTE
r-oldrel-windows-ix86+x86_64 0.1-14 7.00 50.00 57.00 OK

Check Details

Version: 0.1-14
Check: top-level files
Result: NOTE
     possible bashism in configure line 49 (test -a/-o):
     if test ${java_version_maj} -ge 5 || \
     test ${java_version_maj} -eq 1 -a ${java_version_min} -ge 5;
Flavors: r-devel-linux-x86_64-fedora-clang, r-devel-linux-x86_64-fedora-gcc

Version: 0.1-14
Check: whether the namespace can be loaded with stated dependencies
Result: NOTE
    Warning in initDict() :
     cannot find WordNet 'dict' directory: please set the environment variable WNHOME to its parent
    
    A namespace must be able to be loaded with just the base namespace
    loaded: otherwise if the namespace gets loaded by a saved object, the
    session will be unable to start.
    
    Probably some imports need to be declared in the NAMESPACE file.
Flavors: r-release-macos-x86_64, r-oldrel-macos-x86_64