CRAN Package Check Results for Package wordcloud

Last updated on 2020-01-25 09:50:31 CET.

Flavor Version Tinstall Tcheck Ttotal Status Flags
r-devel-linux-x86_64-debian-clang 2.6 19.46 30.16 49.62 OK
r-devel-linux-x86_64-debian-gcc 2.6 12.25 24.25 36.50 OK
r-devel-linux-x86_64-fedora-clang 2.6 64.87 NOTE
r-devel-linux-x86_64-fedora-gcc 2.6 59.48 NOTE
r-devel-windows-ix86+x86_64 2.6 55.00 94.00 149.00 OK
r-devel-windows-ix86+x86_64-gcc8 2.6 57.00 101.00 158.00 OK
r-patched-linux-x86_64 2.6 14.63 28.04 42.67 OK
r-patched-solaris-x86 2.6 73.00 NOTE
r-release-linux-x86_64 2.6 14.84 28.61 43.45 OK
r-release-windows-ix86+x86_64 2.6 63.00 84.00 147.00 OK
r-release-osx-x86_64 2.6 NOTE
r-oldrel-windows-ix86+x86_64 2.6 30.00 71.00 101.00 OK
r-oldrel-osx-x86_64 2.6 NOTE

Check Details

Version: 2.6
Check: data for non-ASCII characters
Result: NOTE
     Note: found 2 marked UTF-8 strings
Flavors: r-devel-linux-x86_64-fedora-clang, r-devel-linux-x86_64-fedora-gcc, r-patched-solaris-x86, r-release-osx-x86_64, r-oldrel-osx-x86_64