CRAN Package Check Results for Package wordcloud

Last updated on 2020-08-04 09:48:46 CEST.

Flavor Version Tinstall Tcheck Ttotal Status Flags
r-devel-linux-x86_64-debian-clang 2.6 20.48 31.68 52.16 OK
r-devel-linux-x86_64-debian-gcc 2.6 15.16 24.12 39.28 OK
r-devel-linux-x86_64-fedora-clang 2.6 75.02 NOTE
r-devel-linux-x86_64-fedora-gcc 2.6 61.71 NOTE
r-devel-windows-ix86+x86_64 2.6 59.00 67.00 126.00 OK
r-patched-linux-x86_64 2.6 16.07 30.54 46.61 OK
r-patched-solaris-x86 2.6 76.80 NOTE
r-release-linux-x86_64 2.6 14.54 30.74 45.28 OK
r-release-macos-x86_64 2.6 NOTE
r-release-windows-ix86+x86_64 2.6 57.00 97.00 154.00 OK
r-oldrel-macos-x86_64 2.6 NOTE
r-oldrel-windows-ix86+x86_64 2.6 41.00 91.00 132.00 OK

Check Details

Version: 2.6
Check: data for non-ASCII characters
Result: NOTE
     Note: found 2 marked UTF-8 strings
Flavors: r-devel-linux-x86_64-fedora-clang, r-devel-linux-x86_64-fedora-gcc, r-patched-solaris-x86, r-release-macos-x86_64, r-oldrel-macos-x86_64