CRAN Package Check Results for Package warbleR

Last updated on 2020-11-28 04:48:39 CET.

Flavor Version Tinstall Tcheck Ttotal Status Flags
r-devel-linux-x86_64-debian-clang 1.1.24 45.33 224.44 269.77 OK
r-devel-linux-x86_64-debian-gcc 1.1.24 30.67 157.93 188.60 OK
r-devel-linux-x86_64-fedora-clang 1.1.24 300.21 NOTE
r-devel-linux-x86_64-fedora-gcc 1.1.24 298.92 OK
r-devel-windows-ix86+x86_64 1.1.24 54.00 194.00 248.00 NOTE
r-patched-linux-x86_64 1.1.24 30.72 207.68 238.40 OK
r-patched-solaris-x86 1.1.24 344.00 NOTE
r-release-linux-x86_64 1.1.24 38.88 203.46 242.34 OK
r-release-macos-x86_64 1.1.24 NOTE
r-release-windows-ix86+x86_64 1.1.24 55.00 194.00 249.00 NOTE
r-oldrel-macos-x86_64 1.1.24 NOTE
r-oldrel-windows-ix86+x86_64 1.1.24 48.00 199.00 247.00 NOTE

Check Details

Version: 1.1.24
Check: installed package size
Result: NOTE
     installed size is 7.1Mb
     sub-directories of 1Mb or more:
     R 1.1Mb
     doc 5.5Mb
Flavors: r-devel-linux-x86_64-fedora-clang, r-devel-windows-ix86+x86_64, r-patched-solaris-x86, r-release-macos-x86_64, r-release-windows-ix86+x86_64, r-oldrel-macos-x86_64, r-oldrel-windows-ix86+x86_64