CRAN Package Check Results for Package vegclust

Last updated on 2020-10-25 12:47:20 CET.

Flavor Version Tinstall Tcheck Ttotal Status Flags
r-devel-linux-x86_64-debian-clang 1.7.7 30.46 141.73 172.19 OK
r-devel-linux-x86_64-debian-gcc 1.7.7 21.52 104.04 125.56 OK
r-devel-linux-x86_64-fedora-clang 1.7.7 231.17 NOTE
r-devel-linux-x86_64-fedora-gcc 1.7.7 200.47 OK
r-devel-windows-ix86+x86_64 1.7.7 65.00 226.00 291.00 OK
r-patched-linux-x86_64 1.7.7 29.46 131.40 160.86 OK
r-patched-solaris-x86 1.7.7 259.60 OK
r-release-linux-x86_64 1.7.7 26.78 129.38 156.16 OK
r-release-macos-x86_64 1.7.7 OK
r-release-windows-ix86+x86_64 1.7.7 47.00 167.00 214.00 OK
r-oldrel-macos-x86_64 1.7.7 OK
r-oldrel-windows-ix86+x86_64 1.7.7 60.00 152.00 212.00 OK

Check Details

Version: 1.7.7
Check: Rd cross-references
Result: NOTE
    Undeclared packages ‘mclust’, ‘e1071’ in Rd xrefs
Flavor: r-devel-linux-x86_64-fedora-clang