CRAN Package Check Results for Package umx

Last updated on 2020-10-25 12:47:20 CET.

Flavor Version Tinstall Tcheck Ttotal Status Flags
r-devel-linux-x86_64-debian-clang 4.0.0 36.07 331.62 367.69 OK
r-devel-linux-x86_64-debian-gcc 4.0.0 27.77 232.91 260.68 OK
r-devel-linux-x86_64-fedora-clang 4.0.0 429.96 NOTE
r-devel-linux-x86_64-fedora-gcc 4.0.0 412.91 OK
r-devel-windows-ix86+x86_64 4.0.0 63.00 435.00 498.00 NOTE
r-patched-linux-x86_64 4.0.0 33.37 289.89 323.26 OK
r-patched-solaris-x86 4.0.0 398.20 ERROR
r-release-linux-x86_64 4.0.0 32.62 287.17 319.79 OK
r-release-macos-x86_64 4.0.0 NOTE
r-release-windows-ix86+x86_64 4.0.0 44.00 330.00 374.00 NOTE
r-oldrel-macos-x86_64 4.0.0 NOTE
r-oldrel-windows-ix86+x86_64 4.0.0 56.00 431.00 487.00 NOTE

Check Details

Version: 4.0.0
Check: installed package size
Result: NOTE
     installed size is 5.3Mb
     sub-directories of 1Mb or more:
     help 3.9Mb
Flavors: r-devel-linux-x86_64-fedora-clang, r-devel-windows-ix86+x86_64, r-patched-solaris-x86, r-release-macos-x86_64, r-release-windows-ix86+x86_64, r-oldrel-macos-x86_64, r-oldrel-windows-ix86+x86_64

Version: 4.0.0
Check: Rd cross-references
Result: NOTE
    Undeclared package ‘sem’ in Rd xrefs
Flavor: r-devel-linux-x86_64-fedora-clang

Version: 4.0.0
Check: examples
Result: ERROR
    Running examples in ‘umx-Ex.R’ failed
    The error most likely occurred in:
    
    > ### Name: RMSEA.MxModel
    > ### Title: RMSEA function for MxModels
    > ### Aliases: RMSEA.MxModel
    >
    > ### ** Examples
    >
    > require(umx)
    > data(demoOneFactor)
    > manifests = names(demoOneFactor)
    >
    > m1 = umxRAM("One Factor", data = demoOneFactor, type = "cov",
    + umxPath("G", to = manifests),
    + umxPath(var = manifests),
    + umxPath(var = "G", fixedAt = 1)
    + )
    A latent variable 'G' was created.
    Running One Factor with 10 parameters
    
     *** caught segfault ***
    address 4c589817, cause 'memory not mapped'
Flavor: r-patched-solaris-x86