CRAN Package Check Results for Package udpipe

Last updated on 2020-08-04 09:48:45 CEST.

Flavor Version Tinstall Tcheck Ttotal Status Flags
r-devel-linux-x86_64-debian-clang 0.8.3 152.50 351.88 504.38 OK
r-devel-linux-x86_64-debian-gcc 0.8.3 133.97 293.11 427.08 OK
r-devel-linux-x86_64-fedora-clang 0.8.3 600.42 NOTE
r-devel-linux-x86_64-fedora-gcc 0.8.3 666.77 OK
r-devel-windows-ix86+x86_64 0.8.3 305.00 454.00 759.00 NOTE
r-patched-linux-x86_64 0.8.3 145.95 370.58 516.53 OK
r-patched-solaris-x86 0.8.3 758.40 NOTE
r-release-linux-x86_64 0.8.3 136.07 370.10 506.17 OK
r-release-macos-x86_64 0.8.3 NOTE
r-release-windows-ix86+x86_64 0.8.3 294.00 596.00 890.00 NOTE
r-oldrel-macos-x86_64 0.8.3 NOTE
r-oldrel-windows-ix86+x86_64 0.8.3 228.00 506.00 734.00 NOTE

Check Details

Version: 0.8.3
Check: installed package size
Result: NOTE
     installed size is 33.4Mb
     sub-directories of 1Mb or more:
     doc 6.9Mb
     dummydata 1.4Mb
     libs 23.7Mb
Flavors: r-devel-linux-x86_64-fedora-clang, r-devel-windows-ix86+x86_64, r-patched-solaris-x86, r-release-macos-x86_64, r-release-windows-ix86+x86_64, r-oldrel-macos-x86_64, r-oldrel-windows-ix86+x86_64