CRAN Package Check Results for Package topicmodels

Last updated on 2020-01-25 09:50:29 CET.

Flavor Version Tinstall Tcheck Ttotal Status Flags
r-devel-linux-x86_64-debian-clang 0.2-9 13.50 124.36 137.86 NOTE
r-devel-linux-x86_64-debian-gcc 0.2-9 9.73 94.63 104.36 NOTE
r-devel-linux-x86_64-fedora-clang 0.2-9 172.81 NOTE
r-devel-linux-x86_64-fedora-gcc 0.2-9 169.78 NOTE
r-devel-windows-ix86+x86_64 0.2-9 54.00 256.00 310.00 NOTE
r-devel-windows-ix86+x86_64-gcc8 0.2-9 46.00 241.00 287.00 NOTE
r-patched-linux-x86_64 0.2-9 10.12 119.02 129.14 NOTE
r-patched-solaris-x86 0.2-9 313.00 NOTE
r-release-linux-x86_64 0.2-9 9.85 120.40 130.25 NOTE
r-release-windows-ix86+x86_64 0.2-9 44.00 240.00 284.00 NOTE
r-release-osx-x86_64 0.2-9 NOTE
r-oldrel-windows-ix86+x86_64 0.2-9 32.00 233.00 265.00 NOTE
r-oldrel-osx-x86_64 0.2-9 NOTE

Check Details

Version: 0.2-9
Check: package dependencies
Result: NOTE
    Package suggested but not available for checking: 'corpus.JSS.papers'
Flavors: r-devel-linux-x86_64-debian-clang, r-devel-linux-x86_64-debian-gcc, r-devel-linux-x86_64-fedora-clang, r-devel-linux-x86_64-fedora-gcc, r-devel-windows-ix86+x86_64, r-devel-windows-ix86+x86_64-gcc8, r-patched-linux-x86_64, r-patched-solaris-x86, r-release-linux-x86_64, r-release-windows-ix86+x86_64, r-release-osx-x86_64, r-oldrel-windows-ix86+x86_64, r-oldrel-osx-x86_64