CRAN Package Check Results for Package tmcn

Last updated on 2020-10-24 17:48:55 CEST.

Flavor Version Tinstall Tcheck Ttotal Status Flags
r-devel-linux-x86_64-debian-clang 0.2-13 3.93 29.82 33.75 OK
r-devel-linux-x86_64-debian-gcc 0.2-13 2.70 20.41 23.11 OK
r-devel-linux-x86_64-fedora-clang 0.2-13 44.35 NOTE
r-devel-linux-x86_64-fedora-gcc 0.2-13 35.06 NOTE
r-devel-windows-ix86+x86_64 0.2-13 17.00 64.00 81.00 OK
r-patched-linux-x86_64 0.2-13 3.23 25.04 28.27 OK
r-patched-solaris-x86 0.2-13 53.40 NOTE
r-release-linux-x86_64 0.2-13 3.24 24.92 28.16 OK
r-release-macos-x86_64 0.2-13 NOTE
r-release-windows-ix86+x86_64 0.2-13 10.00 53.00 63.00 OK
r-oldrel-macos-x86_64 0.2-13 NOTE
r-oldrel-windows-ix86+x86_64 0.2-13 10.00 42.00 52.00 OK

Check Details

Version: 0.2-13
Check: data for non-ASCII characters
Result: NOTE
     Note: found 134043 marked UTF-8 strings
Flavors: r-devel-linux-x86_64-fedora-clang, r-devel-linux-x86_64-fedora-gcc, r-patched-solaris-x86, r-release-macos-x86_64, r-oldrel-macos-x86_64