CRAN Package Check Results for Package tm.plugin.webmining

Last updated on 2020-01-25 09:50:29 CET.

Flavor Version Tinstall Tcheck Ttotal Status Flags
r-devel-linux-x86_64-debian-clang 1.3 7.19 64.24 71.43 NOTE
r-devel-linux-x86_64-debian-gcc 1.3 6.14 50.77 56.91 NOTE
r-devel-linux-x86_64-fedora-clang 1.3 86.88 NOTE
r-devel-linux-x86_64-fedora-gcc 1.3 88.17 NOTE
r-devel-windows-ix86+x86_64 1.3 19.00 115.00 134.00 NOTE
r-devel-windows-ix86+x86_64-gcc8 1.3 19.00 90.00 109.00 NOTE
r-patched-linux-x86_64 1.3 5.99 56.75 62.74 NOTE
r-patched-solaris-x86 1.3 124.20 NOTE
r-release-linux-x86_64 1.3 5.60 56.13 61.73 NOTE
r-release-windows-ix86+x86_64 1.3 18.00 126.00 144.00 NOTE
r-release-osx-x86_64 1.3 NOTE
r-oldrel-windows-ix86+x86_64 1.3 7.00 69.00 76.00 NOTE
r-oldrel-osx-x86_64 1.3 NOTE

Check Details

Version: 1.3
Check: R code for possible problems
Result: NOTE
    extractContentDOM: no visible global function definition for
     'capture.output'
    extractHTMLStrip: no visible global function definition for
     'capture.output'
    Undefined global functions or variables:
     capture.output
    Consider adding
     importFrom("utils", "capture.output")
    to your NAMESPACE file.
Flavors: r-devel-linux-x86_64-debian-clang, r-devel-linux-x86_64-debian-gcc, r-devel-linux-x86_64-fedora-clang, r-devel-linux-x86_64-fedora-gcc, r-devel-windows-ix86+x86_64, r-devel-windows-ix86+x86_64-gcc8, r-patched-linux-x86_64, r-patched-solaris-x86, r-release-linux-x86_64, r-release-windows-ix86+x86_64, r-release-osx-x86_64, r-oldrel-windows-ix86+x86_64, r-oldrel-osx-x86_64