CRAN Package Check Results for Package tm.plugin.webmining

Last updated on 2020-08-04 09:48:44 CEST.

Flavor Version Tinstall Tcheck Ttotal Status Flags
r-devel-linux-x86_64-debian-clang 1.3 6.59 64.35 70.94 NOTE
r-devel-linux-x86_64-debian-gcc 1.3 5.89 49.56 55.45 NOTE
r-devel-linux-x86_64-fedora-clang 1.3 97.00 NOTE
r-devel-linux-x86_64-fedora-gcc 1.3 88.59 NOTE
r-devel-windows-ix86+x86_64 1.3 20.00 82.00 102.00 NOTE
r-patched-linux-x86_64 1.3 5.97 62.96 68.93 NOTE
r-patched-solaris-x86 1.3 127.60 NOTE
r-release-linux-x86_64 1.3 6.59 63.57 70.16 NOTE
r-release-macos-x86_64 1.3 NOTE
r-release-windows-ix86+x86_64 1.3 20.00 115.00 135.00 NOTE
r-oldrel-macos-x86_64 1.3 NOTE
r-oldrel-windows-ix86+x86_64 1.3 13.00 114.00 127.00 NOTE

Check Details

Version: 1.3
Check: R code for possible problems
Result: NOTE
    extractContentDOM: no visible global function definition for
     'capture.output'
    extractHTMLStrip: no visible global function definition for
     'capture.output'
    Undefined global functions or variables:
     capture.output
    Consider adding
     importFrom("utils", "capture.output")
    to your NAMESPACE file.
Flavors: r-devel-linux-x86_64-debian-clang, r-devel-linux-x86_64-debian-gcc, r-devel-linux-x86_64-fedora-clang, r-devel-linux-x86_64-fedora-gcc, r-devel-windows-ix86+x86_64, r-patched-linux-x86_64, r-patched-solaris-x86, r-release-linux-x86_64, r-release-macos-x86_64, r-release-windows-ix86+x86_64, r-oldrel-macos-x86_64, r-oldrel-windows-ix86+x86_64