CRAN Package Check Results for Package tm

Last updated on 2020-09-22 06:47:47 CEST.

Flavor Version Tinstall Tcheck Ttotal Status Flags
r-devel-linux-x86_64-debian-clang 0.7-7 40.77 59.17 99.94 NOTE
r-devel-linux-x86_64-debian-gcc 0.7-7 0.48 2.48 2.96 ERROR
r-devel-linux-x86_64-fedora-clang 0.7-7 149.89 NOTE
r-devel-linux-x86_64-fedora-gcc 0.7-7 117.45 NOTE
r-devel-windows-ix86+x86_64 0.7-7 75.00 111.00 186.00 NOTE
r-patched-linux-x86_64 0.7-7 31.76 58.77 90.53 NOTE
r-patched-solaris-x86 0.7-7 134.00 NOTE
r-release-linux-x86_64 0.7-7 31.46 58.63 90.09 NOTE
r-release-macos-x86_64 0.7-7 NOTE
r-release-windows-ix86+x86_64 0.7-7 79.00 105.00 184.00 NOTE
r-oldrel-macos-x86_64 0.7-7 NOTE
r-oldrel-windows-ix86+x86_64 0.7-7 57.00 126.00 183.00 NOTE

Check Details

Version: 0.7-7
Check: package dependencies
Result: NOTE
    Packages suggested but not available for checking:
     'Rcampdf', 'tm.lexicon.GeneralInquirer'
Flavors: r-devel-linux-x86_64-debian-clang, r-devel-linux-x86_64-debian-gcc, r-devel-linux-x86_64-fedora-clang, r-devel-linux-x86_64-fedora-gcc, r-patched-linux-x86_64, r-patched-solaris-x86, r-release-linux-x86_64

Version: 0.7-7
Check: whether package can be installed
Result: ERROR
    Installation failed.
Flavor: r-devel-linux-x86_64-debian-gcc

Version: 0.7-7
Check: Rd cross-references
Result: NOTE
    Undeclared packages ‘tm.plugin.dc’, ‘readtext’, ‘graph’, ‘tau’, ‘tokenizers’ in Rd xrefs
Flavor: r-devel-linux-x86_64-fedora-clang

Version: 0.7-7
Check: package dependencies
Result: NOTE
    Packages suggested but not available for checking:
     'Rcampdf', 'Rpoppler', 'tm.lexicon.GeneralInquirer'
Flavors: r-devel-windows-ix86+x86_64, r-release-macos-x86_64, r-release-windows-ix86+x86_64, r-oldrel-macos-x86_64, r-oldrel-windows-ix86+x86_64

Version: 0.7-7
Check: Rd cross-references
Result: NOTE
    Package unavailable to check Rd xrefs: 'Rpoppler'
Flavors: r-devel-windows-ix86+x86_64, r-release-macos-x86_64, r-release-windows-ix86+x86_64, r-oldrel-macos-x86_64, r-oldrel-windows-ix86+x86_64