CRAN Package Check Results for Package tidytext

Last updated on 2020-09-22 06:47:47 CEST.

Flavor Version Tinstall Tcheck Ttotal Status Flags
r-devel-linux-x86_64-debian-clang 0.2.5 10.79 163.55 174.34 WARN
r-devel-linux-x86_64-debian-gcc 0.2.6 0.52 2.68 3.20 ERROR
r-devel-linux-x86_64-fedora-clang 0.2.6 220.21 OK
r-devel-linux-x86_64-fedora-gcc 0.2.6 209.82 OK
r-devel-windows-ix86+x86_64 0.2.5 26.00 209.00 235.00 OK
r-patched-linux-x86_64 0.2.6 11.95 153.63 165.58 OK
r-patched-solaris-x86 0.2.6 293.80 OK
r-release-linux-x86_64 0.2.5 11.96 157.74 169.70 WARN
r-release-macos-x86_64 0.2.5 OK
r-release-windows-ix86+x86_64 0.2.5 26.00 260.00 286.00 OK
r-oldrel-macos-x86_64 0.2.6 OK
r-oldrel-windows-ix86+x86_64 0.2.5 15.00 205.00 220.00 OK

Check Details

Version: 0.2.5
Check: package dependencies
Result: NOTE
    Package suggested but not available for checking: 'gutenbergr'
Flavors: r-devel-linux-x86_64-debian-clang, r-release-linux-x86_64

Version: 0.2.5
Check: re-building of vignette outputs
Result: WARN
    Error(s) in re-building vignettes:
     ...
    --- re-building 'tf_idf.Rmd' using rmarkdown
    
    Attaching package: 'dplyr'
    
    The following objects are masked from 'package:stats':
    
     filter, lag
    
    The following objects are masked from 'package:base':
    
     intersect, setdiff, setequal, union
    
    `summarise()` ungrouping output (override with `.groups` argument)
    Joining, by = "book"
    `stat_bin()` using `bins = 30`. Pick better value with `binwidth`.
    Warning: Removed 896 rows containing non-finite values (stat_bin).
    Warning: Removed 6 rows containing missing values (geom_bar).
    --- finished re-building 'tf_idf.Rmd'
    
    --- re-building 'tidying_casting.Rmd' using rmarkdown
    Loading required package: NLP
    
    Attaching package: 'NLP'
    
    The following object is masked from 'package:ggplot2':
    
     annotate
    
    
    Attaching package: 'dplyr'
    
    The following objects are masked from 'package:stats':
    
     filter, lag
    
    The following objects are masked from 'package:base':
    
     intersect, setdiff, setequal, union
    
    Package version: 2.1.1
    Parallel computing: 2 of 32 threads used.
    See https://quanteda.io for tutorials and examples.
    
    Attaching package: 'quanteda'
    
    The following objects are masked from 'package:tm':
    
     as.DocumentTermMatrix, stopwords
    
    The following objects are masked from 'package:NLP':
    
     meta, meta<-
    
    The following object is masked from 'package:utils':
    
     View
    
    Joining, by = "word"
    Joining, by = "word"
    `geom_smooth()` using method = 'loess' and formula 'y ~ x'
    --- finished re-building 'tidying_casting.Rmd'
    
    --- re-building 'tidytext.Rmd' using rmarkdown
    
    Attaching package: 'dplyr'
    
    The following objects are masked from 'package:stats':
    
     filter, lag
    
    The following objects are masked from 'package:base':
    
     intersect, setdiff, setequal, union
    
    Joining, by = "word"
    Joining, by = "word"
    Joining, by = "word"
    Joining, by = "word"
    Loading required package: RColorBrewer
    
    Attaching package: 'reshape2'
    
    The following object is masked from 'package:tidyr':
    
     smiths
    
    Joining, by = "word"
    `summarise()` ungrouping output (override with `.groups` argument)
    `summarise()` regrouping output by 'book' (override with `.groups` argument)
    Joining, by = "word"
    `summarise()` regrouping output by 'book' (override with `.groups` argument)
    Selecting by ratio
    --- finished re-building 'tidytext.Rmd'
    
    --- re-building 'topic_modeling.Rmd' using rmarkdown
    
    Attaching package: 'dplyr'
    
    The following objects are masked from 'package:stats':
    
     filter, lag
    
    The following objects are masked from 'package:base':
    
     intersect, setdiff, setequal, union
    
    Quitting from lines 39-41 (topic_modeling.Rmd)
    Error: processing vignette 'topic_modeling.Rmd' failed with diagnostics:
    there is no package called 'gutenbergr'
    --- failed re-building 'topic_modeling.Rmd'
    
    SUMMARY: processing the following file failed:
     'topic_modeling.Rmd'
    
    Error: Vignette re-building failed.
    Execution halted
Flavors: r-devel-linux-x86_64-debian-clang, r-release-linux-x86_64

Version: 0.2.6
Check: whether package can be installed
Result: ERROR
    Installation failed.
Flavor: r-devel-linux-x86_64-debian-gcc