CRAN Package Check Results for Package thectar

Last updated on 2020-10-24 17:48:55 CEST.

Flavor Version Tinstall Tcheck Ttotal Status Flags
r-devel-linux-x86_64-debian-clang 1.0.0 2.91 33.21 36.12 OK
r-devel-linux-x86_64-debian-gcc 1.0.0 2.31 24.89 27.20 OK
r-devel-linux-x86_64-fedora-clang 1.0.0 51.00 NOTE
r-devel-linux-x86_64-fedora-gcc 1.0.0 42.99 NOTE
r-devel-windows-ix86+x86_64 1.0.0 9.00 52.00 61.00 OK
r-patched-linux-x86_64 1.0.0 2.89 31.46 34.35 OK
r-patched-solaris-x86 1.0.0 61.90 NOTE
r-release-linux-x86_64 1.0.0 3.11 31.31 34.42 OK
r-release-macos-x86_64 1.0.0 NOTE
r-release-windows-ix86+x86_64 1.0.0 8.00 42.00 50.00 OK
r-oldrel-macos-x86_64 1.0.0 NOTE
r-oldrel-windows-ix86+x86_64 1.0.0 6.00 38.00 44.00 OK

Check Details

Version: 1.0.0
Check: dependencies in R code
Result: NOTE
    Namespace in Imports field not imported from: ‘proxy’
     All declared Imports should be used.
Flavors: r-devel-linux-x86_64-fedora-clang, r-devel-linux-x86_64-fedora-gcc, r-patched-solaris-x86, r-release-macos-x86_64, r-oldrel-macos-x86_64