CRAN Package Check Results for Package textreuse

Last updated on 2020-08-04 09:48:44 CEST.

Flavor Version Tinstall Tcheck Ttotal Status Flags
r-devel-linux-x86_64-debian-clang 0.1.5 44.36 56.29 100.65 OK
r-devel-linux-x86_64-debian-gcc 0.1.5 31.06 44.03 75.09 OK
r-devel-linux-x86_64-fedora-clang 0.1.5 137.61 NOTE
r-devel-linux-x86_64-fedora-gcc 0.1.5 119.98 OK
r-devel-windows-ix86+x86_64 0.1.5 117.00 99.00 216.00 NOTE
r-patched-linux-x86_64 0.1.5 31.22 54.90 86.12 OK
r-patched-solaris-x86 0.1.5 145.00 OK
r-release-linux-x86_64 0.1.5 29.99 56.62 86.61 OK
r-release-macos-x86_64 0.1.5 OK
r-release-windows-ix86+x86_64 0.1.5 115.00 100.00 215.00 NOTE
r-oldrel-macos-x86_64 0.1.5 OK
r-oldrel-windows-ix86+x86_64 0.1.5 77.00 87.00 164.00 OK

Check Details

Version: 0.1.5
Check: Rd cross-references
Result: NOTE
    Undeclared package ‘tm’ in Rd xrefs
Flavor: r-devel-linux-x86_64-fedora-clang

Version: 0.1.5
Check: installed package size
Result: NOTE
     installed size is 5.3Mb
     sub-directories of 1Mb or more:
     extdata 2.9Mb
     libs 2.1Mb
Flavors: r-devel-windows-ix86+x86_64, r-release-windows-ix86+x86_64