CRAN Package Check Results for Package textreuse

Last updated on 2020-01-21 13:49:34 CET.

Flavor Version Tinstall Tcheck Ttotal Status Flags
r-devel-linux-x86_64-debian-clang 0.1.4 38.99 55.25 94.24 OK
r-devel-linux-x86_64-debian-gcc 0.1.4 25.03 43.83 68.86 OK
r-devel-linux-x86_64-fedora-clang 0.1.4 126.05 NOTE
r-devel-linux-x86_64-fedora-gcc 0.1.4 116.53 NOTE
r-devel-windows-ix86+x86_64 0.1.4 111.00 138.00 249.00 OK
r-devel-windows-ix86+x86_64-gcc8 0.1.4 119.00 100.00 219.00 NOTE
r-patched-linux-x86_64 0.1.4 30.76 50.98 81.74 OK
r-patched-solaris-x86 0.1.4 146.30 OK
r-release-linux-x86_64 0.1.4 31.36 50.70 82.06 OK
r-release-windows-ix86+x86_64 0.1.4 84.00 123.00 207.00 OK
r-release-osx-x86_64 0.1.4 OK
r-oldrel-windows-ix86+x86_64 0.1.4 64.00 85.00 149.00 OK
r-oldrel-osx-x86_64 0.1.4 OK

Check Details

Version: 0.1.4
Check: compiled code
Result: NOTE
    File ‘textreuse/libs/textreuse.so’:
     Found no calls to: ‘R_registerRoutines’, ‘R_useDynamicSymbols’
    
    It is good practice to register native routines and to disable symbol
    search.
    
    See ‘Writing portable packages’ in the ‘Writing R Extensions’ manual.
Flavors: r-devel-linux-x86_64-fedora-clang, r-devel-linux-x86_64-fedora-gcc

Version: 0.1.4
Check: installed package size
Result: NOTE
     installed size is 5.2Mb
     sub-directories of 1Mb or more:
     extdata 2.9Mb
     libs 2.1Mb
Flavor: r-devel-windows-ix86+x86_64-gcc8