CRAN Package Check Results for Package textir

Last updated on 2020-01-21 17:49:36 CET.

Flavor Version Tinstall Tcheck Ttotal Status Flags
r-devel-linux-x86_64-debian-clang 2.0-5 7.69 74.86 82.55 OK
r-devel-linux-x86_64-debian-gcc 2.0-5 6.27 58.40 64.67 OK
r-devel-linux-x86_64-fedora-clang 2.0-5 99.52 OK
r-devel-linux-x86_64-fedora-gcc 2.0-5 97.16 OK
r-devel-windows-ix86+x86_64 2.0-5 19.00 87.00 106.00 OK
r-devel-windows-ix86+x86_64-gcc8 2.0-5 22.00 124.00 146.00 OK
r-patched-linux-x86_64 2.0-5 5.74 66.20 71.94 OK
r-patched-solaris-x86 2.0-5 138.50 OK
r-release-linux-x86_64 2.0-5 5.94 66.36 72.30 OK
r-release-windows-ix86+x86_64 2.0-5 12.00 106.00 118.00 OK
r-release-osx-x86_64 2.0-5 OK
r-oldrel-windows-ix86+x86_64 2.0-5 7.00 108.00 115.00 OK
r-oldrel-osx-x86_64 2.0-5 WARN

Check Details

Version: 2.0-5
Check: examples
Result: WARN
    Found the following significant warnings:
    
     Warning: 'rBind' is deprecated.
    Deprecated functions may be defunct as soon as of the next release of
    R.
    See ?Deprecated.
Flavor: r-oldrel-osx-x86_64