CRAN Package Check Results for Package textcat

Last updated on 2020-01-25 12:48:08 CET.

Flavor Version Tinstall Tcheck Ttotal Status Flags
r-devel-linux-x86_64-debian-clang 1.0-6 2.58 21.00 23.58 OK
r-devel-linux-x86_64-debian-gcc 1.0-6 1.95 16.97 18.92 OK
r-devel-linux-x86_64-fedora-clang 1.0-6 30.05 NOTE
r-devel-linux-x86_64-fedora-gcc 1.0-6 29.36 NOTE
r-devel-windows-ix86+x86_64 1.0-6 9.00 47.00 56.00 OK
r-devel-windows-ix86+x86_64-gcc8 1.0-6 8.00 59.00 67.00 OK
r-patched-linux-x86_64 1.0-6 2.03 19.52 21.55 OK
r-patched-solaris-x86 1.0-6 42.60 NOTE
r-release-linux-x86_64 1.0-6 1.90 19.63 21.53 OK
r-release-windows-ix86+x86_64 1.0-6 8.00 46.00 54.00 OK
r-release-osx-x86_64 1.0-6 NOTE
r-oldrel-windows-ix86+x86_64 1.0-6 3.00 45.00 48.00 OK
r-oldrel-osx-x86_64 1.0-6 NOTE

Check Details

Version: 1.0-6
Check: data for non-ASCII characters
Result: NOTE
     Note: found 10051 marked UTF-8 strings
     Note: found 10523 strings marked as "bytes"
Flavors: r-devel-linux-x86_64-fedora-clang, r-devel-linux-x86_64-fedora-gcc, r-patched-solaris-x86, r-release-osx-x86_64, r-oldrel-osx-x86_64