CRAN Package Check Results for Package textcat

Last updated on 2020-08-04 09:48:44 CEST.

Flavor Version Tinstall Tcheck Ttotal Status Flags
r-devel-linux-x86_64-debian-clang 1.0-6 2.78 21.61 24.39 OK
r-devel-linux-x86_64-debian-gcc 1.0-6 1.99 17.26 19.25 OK
r-devel-linux-x86_64-fedora-clang 1.0-6 37.89 NOTE
r-devel-linux-x86_64-fedora-gcc 1.0-6 28.63 NOTE
r-devel-windows-ix86+x86_64 1.0-6 7.00 34.00 41.00 OK
r-patched-linux-x86_64 1.0-6 2.34 21.63 23.97 OK
r-patched-solaris-x86 1.0-6 43.30 NOTE
r-release-linux-x86_64 1.0-6 2.34 21.73 24.07 OK
r-release-macos-x86_64 1.0-6 NOTE
r-release-windows-ix86+x86_64 1.0-6 8.00 44.00 52.00 OK
r-oldrel-macos-x86_64 1.0-6 NOTE
r-oldrel-windows-ix86+x86_64 1.0-6 5.00 52.00 57.00 OK

Check Details

Version: 1.0-6
Check: Rd cross-references
Result: NOTE
    Undeclared package ‘NLP’ in Rd xrefs
Flavor: r-devel-linux-x86_64-fedora-clang

Version: 1.0-6
Check: data for non-ASCII characters
Result: NOTE
     Note: found 10051 marked UTF-8 strings
     Note: found 10523 strings marked as "bytes"
Flavors: r-devel-linux-x86_64-fedora-clang, r-devel-linux-x86_64-fedora-gcc, r-patched-solaris-x86, r-release-macos-x86_64, r-oldrel-macos-x86_64