CRAN Package Check Results for Package text2vec

Last updated on 2020-08-04 09:48:44 CEST.

Flavor Version Tinstall Tcheck Ttotal Status Flags
r-devel-linux-x86_64-debian-clang 0.6 71.00 316.85 387.85 OK
r-devel-linux-x86_64-debian-gcc 0.6 58.19 243.87 302.06 OK
r-devel-linux-x86_64-fedora-clang 0.6 466.98 NOTE
r-devel-linux-x86_64-fedora-gcc 0.6 440.42 OK
r-devel-windows-ix86+x86_64 0.6 159.00 487.00 646.00 NOTE
r-patched-linux-x86_64 0.6 59.54 301.74 361.28 OK
r-patched-solaris-x86 0.6 930.60 NOTE
r-release-linux-x86_64 0.6 58.27 301.51 359.78 OK
r-release-macos-x86_64 0.6 NOTE
r-release-windows-ix86+x86_64 0.6 164.00 617.00 781.00 NOTE
r-oldrel-macos-x86_64 0.6 NOTE
r-oldrel-windows-ix86+x86_64 0.6 117.00 507.00 624.00 NOTE

Check Details

Version: 0.6
Check: installed package size
Result: NOTE
     installed size is 11.3Mb
     sub-directories of 1Mb or more:
     data 2.7Mb
     doc 2.9Mb
     libs 5.2Mb
Flavors: r-devel-linux-x86_64-fedora-clang, r-devel-windows-ix86+x86_64, r-patched-solaris-x86, r-release-macos-x86_64, r-release-windows-ix86+x86_64, r-oldrel-macos-x86_64, r-oldrel-windows-ix86+x86_64