CRAN Package Check Results for Package tesseract

Last updated on 2020-08-04 09:48:44 CEST.

Flavor Version Tinstall Tcheck Ttotal Status Flags
r-devel-linux-x86_64-debian-clang 4.1 23.79 106.40 130.19 OK
r-devel-linux-x86_64-debian-gcc 4.1 16.81 108.59 125.40 OK
r-devel-linux-x86_64-fedora-clang 4.1 131.19 NOTE
r-devel-linux-x86_64-fedora-gcc 4.1 114.27 NOTE
r-devel-windows-ix86+x86_64 4.1 94.00 128.00 222.00 NOTE
r-patched-linux-x86_64 4.1 18.70 92.91 111.61 OK
r-release-linux-x86_64 4.1 18.28 89.32 107.60 OK
r-release-macos-x86_64 4.1 NOTE
r-release-windows-ix86+x86_64 4.1 87.00 166.00 253.00 NOTE
r-oldrel-macos-x86_64 4.1 NOTE
r-oldrel-windows-ix86+x86_64 4.1 66.00 179.00 245.00 NOTE

Additional issues

donttest valgrind

Check Details

Version: 4.1
Check: top-level files
Result: NOTE
     possible bashism in configure line 34 ($(OS|MACH)TYPE):
     case "$OSTYPE" in "darwin"*)
     possible bashism in configure line 42 (should be '.', not 'source'):
     source autobrew
Flavors: r-devel-linux-x86_64-fedora-clang, r-devel-linux-x86_64-fedora-gcc

Version: 4.1
Check: installed package size
Result: NOTE
     installed size is 29.1Mb
     sub-directories of 1Mb or more:
     doc 1.0Mb
     libs 13.9Mb
     tessdata 14.0Mb
Flavors: r-devel-windows-ix86+x86_64, r-release-macos-x86_64, r-release-windows-ix86+x86_64, r-oldrel-macos-x86_64, r-oldrel-windows-ix86+x86_64