CRAN Package Check Results for Package tesseract

Last updated on 2020-01-21 17:49:36 CET.

Flavor Version Tinstall Tcheck Ttotal Status Flags
r-devel-linux-x86_64-debian-clang 4.1 17.67 2.68 20.35 ERROR
r-devel-linux-x86_64-debian-gcc 4.1 13.93 120.34 134.27 OK
r-devel-linux-x86_64-fedora-clang 4.1 123.09 NOTE
r-devel-linux-x86_64-fedora-gcc 4.1 127.96 NOTE
r-devel-windows-ix86+x86_64 4.1 107.00 224.00 331.00 NOTE
r-devel-windows-ix86+x86_64-gcc8 4.1 98.00 142.00 240.00 NOTE
r-patched-linux-x86_64 4.1 15.71 2.58 18.29 ERROR
r-release-linux-x86_64 4.1 16.15 2.42 18.57 ERROR
r-release-windows-ix86+x86_64 4.1 84.00 196.00 280.00 NOTE
r-release-osx-x86_64 4.1 NOTE
r-oldrel-windows-ix86+x86_64 4.1 72.00 147.00 219.00 NOTE
r-oldrel-osx-x86_64 4.1 NOTE

Additional issues

valgrind

Check Details

Version: 4.1
Check: whether package can be installed
Result: ERROR
    Installation failed.
Flavors: r-devel-linux-x86_64-debian-clang, r-patched-linux-x86_64, r-release-linux-x86_64

Version: 4.1
Check: top-level files
Result: NOTE
     possible bashism in configure line 34 ($(OS|MACH)TYPE):
     case "$OSTYPE" in "darwin"*)
     possible bashism in configure line 42 (should be '.', not 'source'):
     source autobrew
Flavors: r-devel-linux-x86_64-fedora-clang, r-devel-linux-x86_64-fedora-gcc

Version: 4.1
Check: installed package size
Result: NOTE
     installed size is 28.4Mb
     sub-directories of 1Mb or more:
     doc 1.0Mb
     libs 13.3Mb
     tessdata 14.0Mb
Flavors: r-devel-windows-ix86+x86_64, r-devel-windows-ix86+x86_64-gcc8, r-release-windows-ix86+x86_64, r-release-osx-x86_64, r-oldrel-windows-ix86+x86_64, r-oldrel-osx-x86_64