CRAN Package Check Results for Package tcR

Last updated on 2020-10-25 12:47:19 CET.

Flavor Version Tinstall Tcheck Ttotal Status Flags
r-devel-linux-x86_64-debian-clang 2.3.2 32.51 129.68 162.19 OK
r-devel-linux-x86_64-debian-gcc 2.3.2 23.53 94.73 118.26 OK
r-devel-linux-x86_64-fedora-clang 2.3.2 201.00 NOTE
r-devel-linux-x86_64-fedora-gcc 2.3.2 187.18 OK
r-devel-windows-ix86+x86_64 2.3.2 67.00 187.00 254.00 NOTE
r-patched-linux-x86_64 2.3.2 30.47 116.38 146.85 OK
r-patched-solaris-x86 2.3.2 225.50 NOTE
r-release-linux-x86_64 2.3.2 27.53 116.42 143.95 OK
r-release-macos-x86_64 2.3.2 NOTE
r-release-windows-ix86+x86_64 2.3.2 50.00 138.00 188.00 NOTE
r-oldrel-macos-x86_64 2.3.2 NOTE
r-oldrel-windows-ix86+x86_64 2.3.2 61.00 153.00 214.00 NOTE

Check Details

Version: 2.3.2
Check: installed package size
Result: NOTE
     installed size is 7.0Mb
     sub-directories of 1Mb or more:
     data 1.4Mb
     doc 3.8Mb
     libs 1.2Mb
Flavors: r-devel-linux-x86_64-fedora-clang, r-devel-windows-ix86+x86_64, r-patched-solaris-x86, r-release-macos-x86_64, r-release-windows-ix86+x86_64, r-oldrel-macos-x86_64, r-oldrel-windows-ix86+x86_64