CRAN Package Check Results for Package stringi

Last updated on 2020-08-04 09:48:43 CEST.

Flavor Version Tinstall Tcheck Ttotal Status Flags
r-devel-linux-x86_64-debian-clang 1.4.6 155.23 53.78 209.01 OK
r-devel-linux-x86_64-debian-gcc 1.4.6 105.66 40.45 146.11 OK
r-devel-linux-x86_64-fedora-clang 1.4.6 287.32 NOTE
r-devel-linux-x86_64-fedora-gcc 1.4.6 245.80 OK
r-devel-windows-ix86+x86_64 1.4.6 1566.00 110.00 1676.00 NOTE
r-patched-linux-x86_64 1.4.6 106.51 52.07 158.58 OK
r-patched-solaris-x86 1.4.6 830.40 NOTE
r-release-linux-x86_64 1.4.6 109.70 51.39 161.09 OK
r-release-macos-x86_64 1.4.6 NOTE
r-release-windows-ix86+x86_64 1.4.6 1245.00 153.00 1398.00 NOTE
r-oldrel-macos-x86_64 1.4.6 NOTE
r-oldrel-windows-ix86+x86_64 1.4.6 1036.00 119.00 1155.00 NOTE

Additional issues

rchk valgrind

Check Details

Version: 1.4.6
Check: installed package size
Result: NOTE
     installed size is 6.1Mb
     sub-directories of 1Mb or more:
     libs 5.4Mb
Flavors: r-devel-linux-x86_64-fedora-clang, r-devel-windows-ix86+x86_64, r-patched-solaris-x86, r-release-macos-x86_64, r-release-windows-ix86+x86_64, r-oldrel-macos-x86_64, r-oldrel-windows-ix86+x86_64