CRAN Package Check Results for Package soilphysics

Last updated on 2020-11-28 04:48:36 CET.

Flavor Version Tinstall Tcheck Ttotal Status Flags
r-devel-linux-x86_64-debian-clang 3.1 9.09 70.07 79.16 OK
r-devel-linux-x86_64-debian-gcc 3.1 5.96 50.95 56.91 OK
r-devel-linux-x86_64-fedora-clang 3.1 98.18 OK
r-devel-linux-x86_64-fedora-gcc 3.1 84.79 OK
r-devel-windows-ix86+x86_64 3.1 25.00 93.00 118.00 OK
r-patched-linux-x86_64 3.1 9.10 62.82 71.92 OK
r-patched-solaris-x86 3.1 113.90 OK
r-release-linux-x86_64 3.1 8.85 64.61 73.46 OK
r-release-macos-x86_64 3.1 ERROR
r-release-windows-ix86+x86_64 3.1 24.00 102.00 126.00 OK
r-oldrel-macos-x86_64 3.1 ERROR
r-oldrel-windows-ix86+x86_64 3.1 23.00 115.00 138.00 OK

Check Details

Version: 3.1
Check: package dependencies
Result: ERROR
    Package required but not available: ‘rpanel’
    
    See section ‘The DESCRIPTION file’ in the ‘Writing R Extensions’
    manual.
Flavors: r-release-macos-x86_64, r-oldrel-macos-x86_64