CRAN Package Check Results for Package smacof

Last updated on 2020-09-22 06:47:43 CEST.

Flavor Version Tinstall Tcheck Ttotal Status Flags
r-devel-linux-x86_64-debian-clang 2.1-1 22.59 327.24 349.83 OK
r-devel-linux-x86_64-debian-gcc 2.1-1 0.49 3.00 3.49 ERROR
r-devel-linux-x86_64-fedora-clang 2.1-1 432.36 NOTE
r-devel-linux-x86_64-fedora-gcc 2.1-1 423.15 NOTE
r-devel-windows-ix86+x86_64 2.1-1 49.00 386.00 435.00 OK
r-patched-linux-x86_64 2.1-1 16.10 314.06 330.16 OK
r-patched-solaris-x86 2.1-1 547.70 NOTE
r-release-linux-x86_64 2.1-1 20.94 314.98 335.92 OK
r-release-macos-x86_64 2.1-1 NOTE
r-release-windows-ix86+x86_64 2.1-1 48.00 470.00 518.00 OK
r-oldrel-macos-x86_64 2.1-1 NOTE
r-oldrel-windows-ix86+x86_64 2.1-1 30.00 458.00 488.00 OK

Check Details

Version: 2.1-1
Check: whether package can be installed
Result: ERROR
    Installation failed.
Flavor: r-devel-linux-x86_64-debian-gcc

Version: 2.1-1
Check: data for non-ASCII characters
Result: NOTE
     Note: found 15 marked Latin-1 strings
     Note: found 2 marked UTF-8 strings
Flavors: r-devel-linux-x86_64-fedora-clang, r-devel-linux-x86_64-fedora-gcc, r-patched-solaris-x86, r-release-macos-x86_64, r-oldrel-macos-x86_64