CRAN Package Check Results for Package skmeans

Last updated on 2020-08-04 09:48:40 CEST.

Flavor Version Tinstall Tcheck Ttotal Status Flags
r-devel-linux-x86_64-debian-clang 0.2-12 3.59 33.22 36.81 NOTE
r-devel-linux-x86_64-debian-gcc 0.2-12 2.45 26.18 28.63 NOTE
r-devel-linux-x86_64-fedora-clang 0.2-12 52.75 NOTE
r-devel-linux-x86_64-fedora-gcc 0.2-12 45.08 NOTE
r-devel-windows-ix86+x86_64 0.2-12 11.00 41.00 52.00 NOTE
r-patched-linux-x86_64 0.2-12 2.86 33.09 35.95 NOTE
r-patched-solaris-x86 0.2-12 65.50 NOTE
r-release-linux-x86_64 0.2-12 3.38 33.15 36.53 NOTE
r-release-macos-x86_64 0.2-12 NOTE
r-release-windows-ix86+x86_64 0.2-12 9.00 57.00 66.00 NOTE
r-oldrel-macos-x86_64 0.2-12 NOTE
r-oldrel-windows-ix86+x86_64 0.2-12 9.00 67.00 76.00 NOTE

Check Details

Version: 0.2-12
Check: package dependencies
Result: NOTE
    Package which this enhances but not available for checking: 'kmndirs'
Flavors: r-devel-linux-x86_64-debian-clang, r-devel-linux-x86_64-debian-gcc, r-devel-linux-x86_64-fedora-clang, r-devel-linux-x86_64-fedora-gcc, r-devel-windows-ix86+x86_64, r-patched-linux-x86_64, r-patched-solaris-x86, r-release-linux-x86_64, r-release-macos-x86_64, r-release-windows-ix86+x86_64, r-oldrel-macos-x86_64, r-oldrel-windows-ix86+x86_64

Version: 0.2-12
Check: dependencies in R code
Result: NOTE
    Unavailable namespace imported from by a ':::' call: 'kmndirs'
     See the note in ?`:::` about the use of this operator.
Flavors: r-devel-linux-x86_64-debian-clang, r-devel-linux-x86_64-debian-gcc, r-devel-linux-x86_64-fedora-clang, r-devel-linux-x86_64-fedora-gcc, r-devel-windows-ix86+x86_64, r-patched-linux-x86_64, r-patched-solaris-x86, r-release-linux-x86_64, r-release-macos-x86_64, r-release-windows-ix86+x86_64, r-oldrel-macos-x86_64, r-oldrel-windows-ix86+x86_64