CRAN Package Check Results for Package skmeans

Last updated on 2020-01-25 09:50:27 CET.

Flavor Version Tinstall Tcheck Ttotal Status Flags
r-devel-linux-x86_64-debian-clang 0.2-11 3.67 32.68 36.35 NOTE
r-devel-linux-x86_64-debian-gcc 0.2-11 2.62 26.04 28.66 NOTE
r-devel-linux-x86_64-fedora-clang 0.2-11 44.97 NOTE
r-devel-linux-x86_64-fedora-gcc 0.2-11 43.48 NOTE
r-devel-windows-ix86+x86_64 0.2-11 15.00 60.00 75.00 NOTE
r-devel-windows-ix86+x86_64-gcc8 0.2-11 9.00 74.00 83.00 NOTE
r-patched-linux-x86_64 0.2-11 2.52 30.63 33.15 NOTE
r-patched-solaris-x86 0.2-11 63.10 NOTE
r-release-linux-x86_64 0.2-11 2.85 30.33 33.18 NOTE
r-release-windows-ix86+x86_64 0.2-11 13.00 52.00 65.00 NOTE
r-release-osx-x86_64 0.2-11 NOTE
r-oldrel-windows-ix86+x86_64 0.2-11 6.00 53.00 59.00 NOTE
r-oldrel-osx-x86_64 0.2-11 NOTE

Check Details

Version: 0.2-11
Check: package dependencies
Result: NOTE
    Package which this enhances but not available for checking: 'kmndirs'
Flavors: r-devel-linux-x86_64-debian-clang, r-devel-linux-x86_64-debian-gcc, r-devel-linux-x86_64-fedora-clang, r-devel-linux-x86_64-fedora-gcc, r-devel-windows-ix86+x86_64, r-devel-windows-ix86+x86_64-gcc8, r-patched-linux-x86_64, r-patched-solaris-x86, r-release-linux-x86_64, r-release-windows-ix86+x86_64, r-release-osx-x86_64, r-oldrel-windows-ix86+x86_64, r-oldrel-osx-x86_64

Version: 0.2-11
Check: dependencies in R code
Result: NOTE
    Unavailable namespace imported from by a ':::' call: 'kmndirs'
     See the note in ?`:::` about the use of this operator.
Flavors: r-devel-linux-x86_64-debian-clang, r-devel-linux-x86_64-debian-gcc, r-devel-linux-x86_64-fedora-clang, r-devel-linux-x86_64-fedora-gcc, r-devel-windows-ix86+x86_64, r-devel-windows-ix86+x86_64-gcc8, r-patched-linux-x86_64, r-patched-solaris-x86, r-release-linux-x86_64, r-release-windows-ix86+x86_64, r-release-osx-x86_64, r-oldrel-windows-ix86+x86_64, r-oldrel-osx-x86_64