CRAN Package Check Results for Package rwhatsapp

Last updated on 2020-10-24 17:48:51 CEST.

Flavor Version Tinstall Tcheck Ttotal Status Flags
r-devel-linux-x86_64-debian-clang 0.2.3 3.43 36.89 40.32 OK
r-devel-linux-x86_64-debian-gcc 0.2.3 2.68 28.60 31.28 OK
r-devel-linux-x86_64-fedora-clang 0.2.3 59.37 NOTE
r-devel-linux-x86_64-fedora-gcc 0.2.3 46.78 NOTE
r-devel-windows-ix86+x86_64 0.2.3 8.00 59.00 67.00 OK
r-patched-linux-x86_64 0.2.3 3.21 34.87 38.08 OK
r-patched-solaris-x86 0.2.3 70.10 NOTE
r-release-linux-x86_64 0.2.3 3.06 35.00 38.06 OK
r-release-macos-x86_64 0.2.3 NOTE
r-release-windows-ix86+x86_64 0.2.3 6.00 45.00 51.00 OK
r-oldrel-macos-x86_64 0.2.3 NOTE
r-oldrel-windows-ix86+x86_64 0.2.3 6.00 57.00 63.00 OK

Check Details

Version: 0.2.3
Check: data for non-ASCII characters
Result: NOTE
     Note: found 4250 marked UTF-8 strings
Flavors: r-devel-linux-x86_64-fedora-clang, r-devel-linux-x86_64-fedora-gcc, r-patched-solaris-x86, r-release-macos-x86_64, r-oldrel-macos-x86_64