CRAN Package Check Results for Package readtext

Last updated on 2020-02-28 21:48:11 CET.

Flavor Version Tinstall Tcheck Ttotal Status Flags
r-devel-linux-x86_64-debian-clang 0.75 5.16 58.85 64.01 OK
r-devel-linux-x86_64-debian-gcc 0.75 3.85 45.84 49.69 OK
r-devel-linux-x86_64-fedora-clang 0.75 79.56 NOTE
r-devel-linux-x86_64-fedora-gcc 0.75 77.36 NOTE
r-devel-windows-ix86+x86_64 0.75 15.00 102.00 117.00 OK
r-devel-windows-ix86+x86_64-gcc8 0.75 12.00 82.00 94.00 OK
r-patched-linux-x86_64 0.75 4.15 53.40 57.55 OK
r-patched-solaris-x86 0.75 134.40 NOTE
r-release-linux-x86_64 0.75 4.42 54.47 58.89 OK
r-release-windows-ix86+x86_64 0.75 9.00 134.00 143.00 OK
r-release-osx-x86_64 0.75 NOTE
r-oldrel-windows-ix86+x86_64 0.75 5.00 73.00 78.00 OK
r-oldrel-osx-x86_64 0.75 NOTE

Check Details

Version: 0.75
Check: data for non-ASCII characters
Result: NOTE
     Note: found 1 marked Latin-1 string
     Note: found 1 marked UTF-8 string
     Note: found 7 strings marked as "bytes"
Flavors: r-devel-linux-x86_64-fedora-clang, r-devel-linux-x86_64-fedora-gcc, r-patched-solaris-x86, r-release-osx-x86_64, r-oldrel-osx-x86_64