CRAN Package Check Results for Package qdap

Last updated on 2020-08-04 09:48:37 CEST.

Flavor Version Tinstall Tcheck Ttotal Status Flags
r-devel-linux-x86_64-debian-clang 2.4.1 44.08 278.61 322.69 OK
r-devel-linux-x86_64-debian-gcc 2.4.1 38.25 204.83 243.08 OK
r-devel-linux-x86_64-fedora-clang 2.4.1 372.29 NOTE
r-devel-linux-x86_64-fedora-gcc 2.4.1 362.83 OK
r-devel-windows-ix86+x86_64 2.4.1 99.00 233.00 332.00 OK
r-patched-linux-x86_64 2.4.1 41.97 271.78 313.75 OK
r-patched-solaris-x86 2.4.1 426.60 OK
r-release-linux-x86_64 2.4.1 42.16 272.26 314.42 OK
r-release-macos-x86_64 2.4.1 OK
r-release-windows-ix86+x86_64 2.4.1 90.00 241.00 331.00 OK
r-oldrel-macos-x86_64 2.4.1 OK
r-oldrel-windows-ix86+x86_64 2.4.1 54.00 227.00 281.00 OK

Check Details

Version: 2.4.1
Check: Rd cross-references
Result: NOTE
    Undeclared package ‘gplots’ in Rd xrefs
Flavor: r-devel-linux-x86_64-fedora-clang