CRAN Package Check Results for Package qdap

Last updated on 2020-01-25 09:50:20 CET.

Flavor Version Tinstall Tcheck Ttotal Status Flags
r-devel-linux-x86_64-debian-clang 2.3.6 42.99 275.59 318.58 OK
r-devel-linux-x86_64-debian-gcc 2.3.6 36.60 209.06 245.66 OK
r-devel-linux-x86_64-fedora-clang 2.3.6 395.23 NOTE
r-devel-linux-x86_64-fedora-gcc 2.3.6 362.79 OK
r-devel-windows-ix86+x86_64 2.3.6 65.00 359.00 424.00 OK
r-devel-windows-ix86+x86_64-gcc8 2.3.6 93.00 256.00 349.00 OK
r-patched-linux-x86_64 2.3.6 34.64 249.84 284.48 OK
r-patched-solaris-x86 2.3.6 406.10 OK
r-release-linux-x86_64 2.3.6 39.24 252.21 291.45 OK
r-release-windows-ix86+x86_64 2.3.6 55.00 276.00 331.00 OK
r-release-osx-x86_64 2.3.6 OK
r-oldrel-windows-ix86+x86_64 2.3.6 47.00 218.00 265.00 OK
r-oldrel-osx-x86_64 2.3.6 OK

Check Details

Version: 2.3.6
Check: package dependencies
Result: NOTE
    Imports includes 21 non-default packages.
    Importing from so many packages makes the package vulnerable to any of
    them becoming unavailable. Move as many as possible to Suggests and
    use conditionally.
Flavor: r-devel-linux-x86_64-fedora-clang