CRAN Package Check Results for Package polyRAD

Last updated on 2021-01-23 17:48:53 CET.

Flavor Version Tinstall Tcheck Ttotal Status Flags
r-devel-linux-x86_64-debian-clang 1.3 94.43 138.57 233.00 OK
r-devel-linux-x86_64-debian-gcc 1.3 58.23 101.67 159.90 OK
r-devel-linux-x86_64-fedora-clang 1.3 310.79 NOTE
r-devel-linux-x86_64-fedora-gcc 1.3 279.00 OK
r-devel-windows-ix86+x86_64 1.3 171.00 155.00 326.00 NOTE
r-patched-linux-x86_64 1.3 70.23 129.73 199.96 OK
r-patched-solaris-x86 1.3 293.50 NOTE
r-release-linux-x86_64 1.3 68.87 130.94 199.81 OK
r-release-macos-x86_64 1.3 NOTE
r-release-windows-ix86+x86_64 1.3 162.00 217.00 379.00 NOTE
r-oldrel-macos-x86_64 1.3 WARN
r-oldrel-windows-ix86+x86_64 1.3 163.00 198.00 361.00 NOTE

Check Details

Version: 1.3
Check: installed package size
Result: NOTE
     installed size is 9.8Mb
     sub-directories of 1Mb or more:
     extdata 4.6Mb
     libs 4.0Mb
Flavors: r-devel-linux-x86_64-fedora-clang, r-devel-windows-ix86+x86_64, r-patched-solaris-x86, r-release-macos-x86_64, r-release-windows-ix86+x86_64, r-oldrel-macos-x86_64, r-oldrel-windows-ix86+x86_64

Version: 1.3
Check: Rd cross-references
Result: NOTE
    Undeclared package ‘BSgenome’ in Rd xrefs
Flavor: r-devel-linux-x86_64-fedora-clang

Version: 1.3
Check: re-building of vignette outputs
Result: WARN
    Error(s) in re-building vignettes:
    --- re-building ‘isolocus_sorting.Rmd’ using rmarkdown
    Warning in engine$weave(file, quiet = quiet, encoding = enc) :
     Pandoc (>= 1.12.3) and/or pandoc-citeproc not available. Falling back to R Markdown v1.
    --- finished re-building ‘isolocus_sorting.Rmd’
    
    --- re-building ‘polyRADtutorial.Rmd’ using rmarkdown
    Warning in engine$weave(file, quiet = quiet, encoding = enc) :
     Pandoc (>= 1.12.3) and/or pandoc-citeproc not available. Falling back to R Markdown v1.
    Allele frequencies for mapping population not found. Estimating.
    Genotype likelihoods not found. Estimating.
    Generating sampling permutations for allele depth.
    
    For example usage please run: vignette('qqman')
    
    Citation appreciated but not required:
    Turner, S.D. qqman: an R package for visualizing GWAS results using Q-Q and manhattan plots. biorXiv DOI: 10.1101/005165 (2014).
    
    Loading required package: BiocGenerics
    Loading required package: parallel
    
    Attaching package: 'BiocGenerics'
    
    The following objects are masked from 'package:parallel':
    
     clusterApply, clusterApplyLB, clusterCall, clusterEvalQ,
     clusterExport, clusterMap, parApply, parCapply, parLapply,
     parLapplyLB, parRapply, parSapply, parSapplyLB
    
    The following objects are masked from 'package:stats':
    
     IQR, mad, sd, var, xtabs
    
    The following objects are masked from 'package:base':
    
     Filter, Find, Map, Position, Reduce, anyDuplicated, append,
     as.data.frame, basename, cbind, colnames, dirname, do.call,
     duplicated, eval, evalq, get, grep, grepl, intersect, is.unsorted,
     lapply, mapply, match, mget, order, paste, pmax, pmax.int, pmin,
     pmin.int, rank, rbind, rownames, sapply, setdiff, sort, table,
     tapply, union, unique, unsplit, which, which.max, which.min
    
    Loading required package: GenomeInfoDb
    Loading required package: S4Vectors
    Loading required package: stats4
    
    Attaching package: 'S4Vectors'
    
    The following object is masked from 'package:base':
    
     expand.grid
    
    Loading required package: IRanges
    Error: package or namespace load failed for 'GenomeInfoDb' in loadNamespace(i, c(lib.loc, .libPaths()), versionCheck = vI[[i]]):
     there is no package called 'GenomeInfoDbData'
    Quitting from lines 451-454 (polyRADtutorial.Rmd)
    Error: processing vignette 'polyRADtutorial.Rmd' failed with diagnostics:
    package 'GenomeInfoDb' could not be loaded
    --- failed re-building ‘polyRADtutorial.Rmd’
    
    SUMMARY: processing the following file failed:
     ‘polyRADtutorial.Rmd’
    
    Error: Vignette re-building failed.
    Execution halted
Flavor: r-oldrel-macos-x86_64