CRAN Package Check Results for Package openNLP

Last updated on 2020-01-25 09:50:14 CET.

Flavor Version Tinstall Tcheck Ttotal Status Flags
r-devel-linux-x86_64-debian-clang 0.2-7 4.22 43.65 47.87 NOTE
r-devel-linux-x86_64-debian-gcc 0.2-7 3.11 33.37 36.48 NOTE
r-devel-linux-x86_64-fedora-clang 0.2-7 57.80 NOTE
r-devel-linux-x86_64-fedora-gcc 0.2-7 54.12 NOTE
r-devel-windows-ix86+x86_64 0.2-7 12.00 72.00 84.00 NOTE
r-devel-windows-ix86+x86_64-gcc8 0.2-7 8.00 72.00 80.00 NOTE
r-patched-linux-x86_64 0.2-7 3.25 39.77 43.02 NOTE
r-patched-solaris-x86 0.2-7 66.60 NOTE
r-release-linux-x86_64 0.2-7 2.80 39.00 41.80 NOTE
r-release-windows-ix86+x86_64 0.2-7 8.00 45.00 53.00 NOTE
r-release-osx-x86_64 0.2-7 NOTE
r-oldrel-windows-ix86+x86_64 0.2-7 6.00 46.00 52.00 NOTE
r-oldrel-osx-x86_64 0.2-7 NOTE

Check Details

Version: 0.2-7
Check: package dependencies
Result: NOTE
    Package suggested but not available for checking: 'openNLPmodels.en'
Flavors: r-devel-linux-x86_64-debian-clang, r-devel-linux-x86_64-debian-gcc, r-devel-linux-x86_64-fedora-clang, r-devel-linux-x86_64-fedora-gcc, r-devel-windows-ix86+x86_64, r-devel-windows-ix86+x86_64-gcc8, r-patched-linux-x86_64, r-patched-solaris-x86, r-release-linux-x86_64, r-release-windows-ix86+x86_64, r-release-osx-x86_64, r-oldrel-windows-ix86+x86_64, r-oldrel-osx-x86_64