CRAN Package Check Results for Package openNLP

Last updated on 2020-08-04 09:48:35 CEST.

Flavor Version Tinstall Tcheck Ttotal Status Flags
r-devel-linux-x86_64-debian-clang 0.2-7 4.22 42.28 46.50 NOTE
r-devel-linux-x86_64-debian-gcc 0.2-7 3.19 32.80 35.99 NOTE
r-devel-linux-x86_64-fedora-clang 0.2-7 63.62 NOTE
r-devel-linux-x86_64-fedora-gcc 0.2-7 53.37 NOTE
r-devel-windows-ix86+x86_64 0.2-7 13.00 48.00 61.00 NOTE
r-patched-linux-x86_64 0.2-7 4.22 42.03 46.25 NOTE
r-patched-solaris-x86 0.2-7 83.50 NOTE
r-release-linux-x86_64 0.2-7 3.99 43.21 47.20 NOTE
r-release-macos-x86_64 0.2-7 NOTE
r-release-windows-ix86+x86_64 0.2-7 8.00 48.00 56.00 NOTE
r-oldrel-macos-x86_64 0.2-7 NOTE
r-oldrel-windows-ix86+x86_64 0.2-7 7.00 51.00 58.00 NOTE

Check Details

Version: 0.2-7
Check: package dependencies
Result: NOTE
    Package suggested but not available for checking: 'openNLPmodels.en'
Flavors: r-devel-linux-x86_64-debian-clang, r-devel-linux-x86_64-debian-gcc, r-devel-linux-x86_64-fedora-clang, r-devel-linux-x86_64-fedora-gcc, r-devel-windows-ix86+x86_64, r-patched-linux-x86_64, r-patched-solaris-x86, r-release-linux-x86_64, r-release-macos-x86_64, r-release-windows-ix86+x86_64, r-oldrel-macos-x86_64, r-oldrel-windows-ix86+x86_64