CRAN Package Check Results for Package nnls

Last updated on 2020-10-31 14:48:33 CET.

Flavor Version Tinstall Tcheck Ttotal Status Flags
r-devel-linux-x86_64-debian-clang 1.4 3.06 19.31 22.37 OK
r-devel-linux-x86_64-debian-gcc 1.4 2.26 15.01 17.27 OK
r-devel-linux-x86_64-fedora-clang 1.4 35.99 NOTE
r-devel-linux-x86_64-fedora-gcc 1.4 26.35 NOTE
r-devel-windows-ix86+x86_64 1.4 9.00 35.00 44.00 OK
r-patched-linux-x86_64 1.4 2.66 18.56 21.22 OK
r-patched-solaris-x86 1.4 39.40 OK
r-release-linux-x86_64 1.4 2.71 18.22 20.93 OK
r-release-macos-x86_64 1.4 OK
r-release-windows-ix86+x86_64 1.4 9.00 33.00 42.00 OK
r-oldrel-macos-x86_64 1.4 OK
r-oldrel-windows-ix86+x86_64 1.4 8.00 46.00 54.00 OK

Check Details

Version: 1.4
Check: Rd cross-references
Result: NOTE
    Undeclared packages ‘quadprog’, ‘bvls’ in Rd xrefs
Flavor: r-devel-linux-x86_64-fedora-clang

Version: 1.4
Check: compiled code
Result: NOTE
    File ‘nnls/libs/nnls.so’:
     Found no calls to: ‘R_registerRoutines’, ‘R_useDynamicSymbols’
    
    It is good practice to register native routines and to disable symbol
    search.
    
    See ‘Writing portable packages’ in the ‘Writing R Extensions’ manual.
Flavors: r-devel-linux-x86_64-fedora-clang, r-devel-linux-x86_64-fedora-gcc