CRAN Package Check Results for Package newsanchor

Last updated on 2020-10-25 12:47:11 CET.

Flavor Version Tinstall Tcheck Ttotal Status Flags
r-devel-linux-x86_64-debian-clang 0.1.1 4.36 43.38 47.74 OK
r-devel-linux-x86_64-debian-gcc 0.1.1 3.47 32.94 36.41 OK
r-devel-linux-x86_64-fedora-clang 0.1.1 66.58 NOTE
r-devel-linux-x86_64-fedora-gcc 0.1.1 55.49 NOTE
r-devel-windows-ix86+x86_64 0.1.1 11.00 64.00 75.00 OK
r-patched-linux-x86_64 0.1.1 4.06 40.73 44.79 OK
r-patched-solaris-x86 0.1.1 78.50 NOTE
r-release-linux-x86_64 0.1.1 4.22 40.37 44.59 OK
r-release-macos-x86_64 0.1.1 NOTE
r-release-windows-ix86+x86_64 0.1.1 10.00 44.00 54.00 OK
r-oldrel-macos-x86_64 0.1.1 NOTE
r-oldrel-windows-ix86+x86_64 0.1.1 8.00 47.00 55.00 OK

Check Details

Version: 0.1.1
Check: dependencies in R code
Result: NOTE
    Namespaces in Imports field not imported from:
     ‘devtools’ ‘xml2’
     All declared Imports should be used.
Flavors: r-devel-linux-x86_64-fedora-clang, r-devel-linux-x86_64-fedora-gcc, r-patched-solaris-x86, r-release-macos-x86_64, r-oldrel-macos-x86_64

Version: 0.1.1
Check: data for non-ASCII characters
Result: NOTE
     Note: found 318 marked UTF-8 strings
Flavors: r-devel-linux-x86_64-fedora-clang, r-devel-linux-x86_64-fedora-gcc, r-patched-solaris-x86, r-release-macos-x86_64, r-oldrel-macos-x86_64