CRAN Package Check Results for Package movMF

Last updated on 2020-08-04 09:48:33 CEST.

Flavor Version Tinstall Tcheck Ttotal Status Flags
r-devel-linux-x86_64-debian-clang 0.2-4 4.66 46.00 50.66 NOTE
r-devel-linux-x86_64-debian-gcc 0.2-4 3.43 34.97 38.40 NOTE
r-devel-linux-x86_64-fedora-clang 0.2-4 70.60 NOTE
r-devel-linux-x86_64-fedora-gcc 0.2-4 67.53 NOTE
r-devel-windows-ix86+x86_64 0.2-4 17.00 66.00 83.00 NOTE
r-patched-linux-x86_64 0.2-4 3.83 45.27 49.10 NOTE
r-patched-solaris-x86 0.2-4 76.30 NOTE
r-release-linux-x86_64 0.2-4 4.71 45.52 50.23 NOTE
r-release-macos-x86_64 0.2-4 NOTE
r-release-windows-ix86+x86_64 0.2-4 14.00 87.00 101.00 NOTE
r-oldrel-macos-x86_64 0.2-4 NOTE
r-oldrel-windows-ix86+x86_64 0.2-4 11.00 68.00 79.00 NOTE

Check Details

Version: 0.2-4
Check: package dependencies
Result: NOTE
    Package suggested but not available for checking: 'corpus.useR.2008.abstracts'
Flavors: r-devel-linux-x86_64-debian-clang, r-devel-linux-x86_64-debian-gcc, r-devel-linux-x86_64-fedora-clang, r-devel-linux-x86_64-fedora-gcc, r-devel-windows-ix86+x86_64, r-patched-linux-x86_64, r-patched-solaris-x86, r-release-linux-x86_64, r-release-macos-x86_64, r-release-windows-ix86+x86_64, r-oldrel-macos-x86_64, r-oldrel-windows-ix86+x86_64