CRAN Package Check Results for Package metacoder

Last updated on 2020-11-28 04:48:28 CET.

Flavor Version Tinstall Tcheck Ttotal Status Flags
r-devel-linux-x86_64-debian-clang 0.3.4 29.80 129.60 159.40 OK
r-devel-linux-x86_64-debian-gcc 0.3.4 30.09 97.61 127.70 OK
r-devel-linux-x86_64-fedora-clang 0.3.4 198.59 NOTE
r-devel-linux-x86_64-fedora-gcc 0.3.4 184.12 NOTE
r-devel-windows-ix86+x86_64 0.3.4 67.00 169.00 236.00 OK
r-patched-linux-x86_64 0.3.4 36.96 122.23 159.19 OK
r-patched-solaris-x86 0.3.4 216.40 NOTE
r-release-linux-x86_64 0.3.4 42.09 126.62 168.71 OK
r-release-macos-x86_64 0.3.4 NOTE
r-release-windows-ix86+x86_64 0.3.4 50.00 177.00 227.00 OK
r-oldrel-macos-x86_64 0.3.4 NOTE
r-oldrel-windows-ix86+x86_64 0.3.4 50.00 225.00 275.00 OK

Check Details

Version: 0.3.4
Check: package dependencies
Result: NOTE
    Imports includes 30 non-default packages.
    Importing from so many packages makes the package vulnerable to any of
    them becoming unavailable. Move as many as possible to Suggests and
    use conditionally.
Flavor: r-devel-linux-x86_64-fedora-clang

Version: 0.3.4
Check: dependencies in R code
Result: NOTE
    Namespaces in Imports field not imported from:
     ‘ggrepel’ ‘reshape’ ‘svglite’
     All declared Imports should be used.
Flavors: r-devel-linux-x86_64-fedora-clang, r-devel-linux-x86_64-fedora-gcc, r-patched-solaris-x86, r-release-macos-x86_64, r-oldrel-macos-x86_64