CRAN Package Check Results for Package mdsOpt

Last updated on 2020-10-25 12:47:09 CET.

Flavor Version Tinstall Tcheck Ttotal Status Flags
r-devel-linux-x86_64-debian-clang 0.5-1 26.48 238.07 264.55 OK
r-devel-linux-x86_64-debian-gcc 0.5-1 21.22 177.26 198.48 OK
r-devel-linux-x86_64-fedora-clang 0.5-1 330.17 OK
r-devel-linux-x86_64-fedora-gcc 0.5-1 321.98 OK
r-devel-windows-ix86+x86_64 0.5-1 64.00 293.00 357.00 OK
r-patched-linux-x86_64 0.5-1 25.18 216.31 241.49 OK
r-patched-solaris-x86 0.5-1 496.60 OK
r-release-linux-x86_64 0.5-1 24.56 215.46 240.02 OK
r-release-macos-x86_64 0.5-1 OK
r-release-windows-ix86+x86_64 0.5-1 45.00 207.00 252.00 OK
r-oldrel-macos-x86_64 0.5-1 WARN
r-oldrel-windows-ix86+x86_64 0.5-1 53.00 257.00 310.00 OK

Check Details

Version: 0.5-1
Check: whether package can be installed
Result: WARN
    Found the following significant warnings:
     Warning: 'rgl.init' failed, running with 'rgl.useNULL = TRUE'.
Flavor: r-oldrel-macos-x86_64