CRAN Package Check Results for Package mallet

Last updated on 2020-02-29 01:51:12 CET.

Flavor Version Tinstall Tcheck Ttotal Status Flags
r-devel-linux-x86_64-debian-clang 1.0 3.73 32.65 36.38 NOTE
r-devel-linux-x86_64-debian-gcc 1.0 3.00 25.35 28.35 NOTE
r-devel-linux-x86_64-fedora-clang 1.0 43.35 NOTE
r-devel-linux-x86_64-fedora-gcc 1.0 45.38 NOTE
r-devel-windows-ix86+x86_64 1.0 10.00 47.00 57.00 NOTE
r-devel-windows-ix86+x86_64-gcc8 1.0 10.00 48.00 58.00 NOTE
r-patched-linux-x86_64 1.0 2.70 29.38 32.08 NOTE
r-patched-solaris-x86 1.0 67.80 NOTE
r-release-linux-x86_64 1.0 3.48 29.11 32.59 NOTE
r-release-windows-ix86+x86_64 1.0 9.00 62.00 71.00 NOTE
r-release-osx-x86_64 1.0 NOTE
r-oldrel-windows-ix86+x86_64 1.0 8.00 42.00 50.00 NOTE
r-oldrel-osx-x86_64 1.0 NOTE

Check Details

Version: 1.0
Check: dependencies in R code
Result: NOTE
    Package in Depends field not imported from: 'rJava'
     These packages need to be imported from (in the NAMESPACE file)
     for when this namespace is loaded but not attached.
Flavors: r-devel-linux-x86_64-debian-clang, r-devel-linux-x86_64-debian-gcc, r-devel-linux-x86_64-fedora-clang, r-devel-linux-x86_64-fedora-gcc, r-devel-windows-ix86+x86_64, r-devel-windows-ix86+x86_64-gcc8, r-patched-linux-x86_64, r-patched-solaris-x86, r-release-linux-x86_64, r-release-windows-ix86+x86_64, r-release-osx-x86_64, r-oldrel-windows-ix86+x86_64, r-oldrel-osx-x86_64

Version: 1.0
Check: R code for possible problems
Result: NOTE
    MalletLDA: no visible global function definition for '.jnew'
    mallet.doc.topics: no visible global function definition for
     '.jevalArray'
    mallet.import: no visible global function definition for 'J'
    mallet.import: no visible global function definition for '.jnew'
    mallet.import: no visible global function definition for '.jcast'
    mallet.subset.topic.words: no visible global function definition for
     '.jevalArray'
    mallet.topic.hclust: no visible global function definition for 'hclust'
    mallet.topic.hclust: no visible global function definition for 'dist'
    mallet.topic.words: no visible global function definition for
     '.jevalArray'
    mallet.word.freqs: no visible global function definition for
     '.jevalArray'
    Undefined global functions or variables:
     .jcast .jevalArray .jnew J dist hclust
    Consider adding
     importFrom("stats", "dist", "hclust")
    to your NAMESPACE file.
Flavors: r-devel-linux-x86_64-debian-clang, r-devel-linux-x86_64-debian-gcc, r-devel-linux-x86_64-fedora-clang, r-devel-linux-x86_64-fedora-gcc, r-devel-windows-ix86+x86_64, r-devel-windows-ix86+x86_64-gcc8, r-patched-linux-x86_64, r-patched-solaris-x86, r-release-linux-x86_64, r-release-windows-ix86+x86_64, r-release-osx-x86_64, r-oldrel-windows-ix86+x86_64, r-oldrel-osx-x86_64