CRAN Package Check Results for Package lsa

Last updated on 2020-08-04 09:48:32 CEST.

Flavor Version Tinstall Tcheck Ttotal Status Flags
r-devel-linux-x86_64-debian-clang 0.73.2 3.13 33.34 36.47 OK
r-devel-linux-x86_64-debian-gcc 0.73.2 2.99 27.16 30.15 OK
r-devel-linux-x86_64-fedora-clang 0.73.2 54.38 NOTE
r-devel-linux-x86_64-fedora-gcc 0.73.2 43.99 NOTE
r-devel-windows-ix86+x86_64 0.73.2 9.00 48.00 57.00 OK
r-patched-linux-x86_64 0.73.2 3.73 33.50 37.23 OK
r-patched-solaris-x86 0.73.2 68.70 NOTE
r-release-linux-x86_64 0.73.2 3.72 33.37 37.09 OK
r-release-macos-x86_64 0.73.2 NOTE
r-release-windows-ix86+x86_64 0.73.2 9.00 66.00 75.00 OK
r-oldrel-macos-x86_64 0.73.2 NOTE
r-oldrel-windows-ix86+x86_64 0.73.2 7.00 65.00 72.00 OK

Check Details

Version: 0.73.2
Check: data for non-ASCII characters
Result: NOTE
     Note: found 143 marked Latin-1 strings
     Note: found 833 marked UTF-8 strings
Flavors: r-devel-linux-x86_64-fedora-clang, r-devel-linux-x86_64-fedora-gcc, r-patched-solaris-x86, r-release-macos-x86_64, r-oldrel-macos-x86_64