CRAN Package Check Results for Package lda

Last updated on 2020-01-25 09:50:10 CET.

Flavor Version Tinstall Tcheck Ttotal Status Flags
r-devel-linux-x86_64-debian-clang 1.4.2 4.72 39.87 44.59 OK
r-devel-linux-x86_64-debian-gcc 1.4.2 3.74 32.12 35.86 OK
r-devel-linux-x86_64-fedora-clang 1.4.2 54.45 NOTE
r-devel-linux-x86_64-fedora-gcc 1.4.2 52.88 NOTE
r-devel-windows-ix86+x86_64 1.4.2 18.00 97.00 115.00 OK
r-devel-windows-ix86+x86_64-gcc8 1.4.2 15.00 89.00 104.00 OK
r-patched-linux-x86_64 1.4.2 3.43 37.80 41.23 OK
r-patched-solaris-x86 1.4.2 79.20 OK
r-release-linux-x86_64 1.4.2 3.86 37.15 41.01 OK
r-release-windows-ix86+x86_64 1.4.2 18.00 88.00 106.00 OK
r-release-osx-x86_64 1.4.2 OK
r-oldrel-windows-ix86+x86_64 1.4.2 9.00 52.00 61.00 OK
r-oldrel-osx-x86_64 1.4.2 OK

Check Details

Version: 1.4.2
Check: compiled code
Result: NOTE
    File ‘lda/libs/lda.so’:
     Found no calls to: ‘R_registerRoutines’, ‘R_useDynamicSymbols’
    
    It is good practice to register native routines and to disable symbol
    search.
    
    See ‘Writing portable packages’ in the ‘Writing R Extensions’ manual.
Flavors: r-devel-linux-x86_64-fedora-clang, r-devel-linux-x86_64-fedora-gcc