CRAN Package Check Results for Package lda

Last updated on 2020-08-04 09:48:31 CEST.

Flavor Version Tinstall Tcheck Ttotal Status Flags
r-devel-linux-x86_64-debian-clang 1.4.2 4.41 39.99 44.40 OK
r-devel-linux-x86_64-debian-gcc 1.4.2 3.88 32.60 36.48 OK
r-devel-linux-x86_64-fedora-clang 1.4.2 62.38 NOTE
r-devel-linux-x86_64-fedora-gcc 1.4.2 53.02 NOTE
r-devel-windows-ix86+x86_64 1.4.2 14.00 62.00 76.00 OK
r-patched-linux-x86_64 1.4.2 4.33 39.64 43.97 OK
r-patched-solaris-x86 1.4.2 89.30 OK
r-release-linux-x86_64 1.4.2 4.02 39.51 43.53 OK
r-release-macos-x86_64 1.4.2 OK
r-release-windows-ix86+x86_64 1.4.2 16.00 85.00 101.00 OK
r-oldrel-macos-x86_64 1.4.2 OK
r-oldrel-windows-ix86+x86_64 1.4.2 11.00 58.00 69.00 OK

Check Details

Version: 1.4.2
Check: compiled code
Result: NOTE
    File ‘lda/libs/lda.so’:
     Found no calls to: ‘R_registerRoutines’, ‘R_useDynamicSymbols’
    
    It is good practice to register native routines and to disable symbol
    search.
    
    See ‘Writing portable packages’ in the ‘Writing R Extensions’ manual.
Flavors: r-devel-linux-x86_64-fedora-clang, r-devel-linux-x86_64-fedora-gcc