CRAN Package Check Results for Package koRpus

Last updated on 2020-01-25 09:50:10 CET.

Flavor Version Tinstall Tcheck Ttotal Status Flags
r-devel-linux-x86_64-debian-clang 0.11-5 17.57 107.94 125.51 NOTE
r-devel-linux-x86_64-debian-gcc 0.11-5 16.09 81.23 97.32 NOTE
r-devel-linux-x86_64-fedora-clang 0.11-5 157.52 NOTE
r-devel-linux-x86_64-fedora-gcc 0.11-5 144.73 NOTE
r-devel-windows-ix86+x86_64 0.11-5 43.00 171.00 214.00 NOTE
r-devel-windows-ix86+x86_64-gcc8 0.11-5 38.00 132.00 170.00 NOTE
r-patched-linux-x86_64 0.11-5 14.14 95.87 110.01 NOTE
r-patched-solaris-x86 0.11-5 159.40 NOTE
r-release-linux-x86_64 0.11-5 15.07 96.31 111.38 NOTE
r-release-windows-ix86+x86_64 0.11-5 32.00 115.00 147.00 NOTE
r-release-osx-x86_64 0.11-5 NOTE
r-oldrel-windows-ix86+x86_64 0.11-5 16.00 120.00 136.00 NOTE
r-oldrel-osx-x86_64 0.11-5 NOTE

Check Details

Version: 0.11-5
Check: package dependencies
Result: NOTE
    Packages suggested but not available for checking:
     'koRpus.lang.de', 'koRpus.lang.es', 'koRpus.lang.fr',
     'koRpus.lang.it', 'koRpus.lang.ru'
    
    Package which this enhances but not available for checking: 'rkward'
Flavors: r-devel-linux-x86_64-debian-clang, r-devel-linux-x86_64-debian-gcc, r-devel-linux-x86_64-fedora-clang, r-devel-linux-x86_64-fedora-gcc, r-devel-windows-ix86+x86_64, r-devel-windows-ix86+x86_64-gcc8, r-patched-linux-x86_64, r-patched-solaris-x86, r-release-linux-x86_64, r-release-windows-ix86+x86_64, r-release-osx-x86_64

Version: 0.11-5
Check: package dependencies
Result: NOTE
    Packages suggested but not available for checking:
     'koRpus.lang.de' 'koRpus.lang.es' 'koRpus.lang.fr' 'koRpus.lang.it'
     'koRpus.lang.ru'
    
    Package which this enhances but not available for checking: 'rkward'
Flavors: r-oldrel-windows-ix86+x86_64, r-oldrel-osx-x86_64