CRAN Package Check Results for Package kernlab

Last updated on 2020-09-22 06:47:30 CEST.

Flavor Version Tinstall Tcheck Ttotal Status Flags
r-devel-linux-x86_64-debian-clang 0.9-29 51.41 164.61 216.02 OK
r-devel-linux-x86_64-debian-gcc 0.9-29 0.41 2.42 2.83 ERROR
r-devel-linux-x86_64-fedora-clang 0.9-29 283.09 OK
r-devel-linux-x86_64-fedora-gcc 0.9-29 263.91 OK
r-devel-windows-ix86+x86_64 0.9-29 115.00 233.00 348.00 OK
r-patched-linux-x86_64 0.9-29 45.80 163.03 208.83 OK
r-patched-solaris-x86 0.9-29 333.10 OK
r-release-linux-x86_64 0.9-29 44.00 164.72 208.72 OK
r-release-macos-x86_64 0.9-29 OK
r-release-windows-ix86+x86_64 0.9-29 100.00 264.00 364.00 OK
r-oldrel-macos-x86_64 0.9-29 OK
r-oldrel-windows-ix86+x86_64 0.9-29 168.00 270.00 438.00 OK

Check Details

Version: 0.9-29
Check: whether package can be installed
Result: ERROR
    Installation failed.
Flavor: r-devel-linux-x86_64-debian-gcc