CRAN Package Check Results for Package jpeg

Last updated on 2020-10-28 05:48:37 CET.

Flavor Version Tinstall Tcheck Ttotal Status Flags
r-devel-linux-x86_64-debian-clang 0.1-8.1 2.74 19.74 22.48 OK
r-devel-linux-x86_64-debian-gcc 0.1-8.1 2.10 15.93 18.03 OK
r-devel-linux-x86_64-fedora-clang 0.1-8.1 37.64 NOTE
r-devel-linux-x86_64-fedora-gcc 0.1-8.1 27.12 NOTE
r-devel-windows-ix86+x86_64 0.1-8.1 15.00 42.00 57.00 OK
r-patched-linux-x86_64 0.1-8.1 OK
r-patched-solaris-x86 0.1-8.1 43.00 OK
r-release-linux-x86_64 0.1-8.1 2.69 19.25 21.94 OK
r-release-macos-x86_64 0.1-8.1 OK
r-release-windows-ix86+x86_64 0.1-8.1 13.00 32.00 45.00 OK
r-oldrel-macos-x86_64 0.1-8.1 OK
r-oldrel-windows-ix86+x86_64 0.1-8.1 12.00 46.00 58.00 OK

Additional issues

rchk

Check Details

Version: 0.1-8.1
Check: compiled code
Result: NOTE
    File ‘jpeg/libs/jpeg.so’:
     Found no calls to: ‘R_registerRoutines’, ‘R_useDynamicSymbols’
    
    It is good practice to register native routines and to disable symbol
    search.
    
    See ‘Writing portable packages’ in the ‘Writing R Extensions’ manual.
Flavors: r-devel-linux-x86_64-fedora-clang, r-devel-linux-x86_64-fedora-gcc