CRAN Package Check Results for Package iemiscdata

Last updated on 2020-10-25 12:47:07 CET.

Flavor Version Tinstall Tcheck Ttotal Status Flags
r-devel-linux-x86_64-debian-clang 0.6.1 2.46 26.28 28.74 NOTE
r-devel-linux-x86_64-debian-gcc 0.6.1 1.69 20.57 22.26 NOTE
r-devel-linux-x86_64-fedora-clang 0.6.1 43.78 NOTE
r-devel-linux-x86_64-fedora-gcc 0.6.1 35.23 NOTE
r-devel-windows-ix86+x86_64 0.6.1 5.00 46.00 51.00 NOTE
r-patched-linux-x86_64 0.6.1 2.40 25.31 27.71 NOTE
r-patched-solaris-x86 0.6.1 49.60 NOTE
r-release-linux-x86_64 0.6.1 2.11 25.78 27.89 NOTE
r-release-macos-x86_64 0.6.1 NOTE
r-release-windows-ix86+x86_64 0.6.1 4.00 36.00 40.00 NOTE
r-oldrel-macos-x86_64 0.6.1 NOTE
r-oldrel-windows-ix86+x86_64 0.6.1 4.00 42.00 46.00 NOTE

Check Details

Version: 0.6.1
Check: package dependencies
Result: NOTE
    Package suggested but not available for checking: 'ie2miscdata'
Flavors: r-devel-linux-x86_64-debian-clang, r-devel-linux-x86_64-debian-gcc, r-devel-linux-x86_64-fedora-clang, r-devel-linux-x86_64-fedora-gcc, r-devel-windows-ix86+x86_64, r-patched-linux-x86_64, r-patched-solaris-x86, r-release-linux-x86_64, r-release-macos-x86_64, r-release-windows-ix86+x86_64, r-oldrel-macos-x86_64, r-oldrel-windows-ix86+x86_64

Version: 0.6.1
Check: data for non-ASCII characters
Result: NOTE
     Note: found 1 marked UTF-8 string
Flavors: r-devel-linux-x86_64-fedora-clang, r-devel-linux-x86_64-fedora-gcc, r-patched-solaris-x86, r-release-macos-x86_64, r-oldrel-macos-x86_64