CRAN Package Check Results for Package httk

Last updated on 2020-11-29 05:47:22 CET.

Flavor Version Tinstall Tcheck Ttotal Status Flags
r-devel-linux-x86_64-debian-clang 2.0.3 28.67 266.78 295.45 OK --no-vignettes
r-devel-linux-x86_64-debian-gcc 2.0.3 18.78 201.95 220.73 OK --no-vignettes
r-devel-linux-x86_64-fedora-clang 2.0.3 871.34 NOTE
r-devel-linux-x86_64-fedora-gcc 2.0.3 897.39 OK
r-devel-windows-ix86+x86_64 2.0.3 46.00 758.00 804.00 NOTE
r-patched-linux-x86_64 2.0.3 27.75 267.42 295.17 OK --no-vignettes
r-patched-solaris-x86 2.0.3 1039.10 NOTE
r-release-linux-x86_64 2.0.3 24.62 259.82 284.44 OK --no-vignettes
r-release-macos-x86_64 2.0.3 NOTE
r-release-windows-ix86+x86_64 2.0.3 36.00 817.00 853.00 NOTE
r-oldrel-macos-x86_64 2.0.3 NOTE
r-oldrel-windows-ix86+x86_64 2.0.3 42.00 1028.00 1070.00 NOTE

Check Details

Version: 2.0.3
Check: installed package size
Result: NOTE
     installed size is 11.9Mb
     sub-directories of 1Mb or more:
     data 8.3Mb
     doc 2.1Mb
Flavors: r-devel-linux-x86_64-fedora-clang, r-devel-windows-ix86+x86_64, r-patched-solaris-x86, r-release-macos-x86_64, r-release-windows-ix86+x86_64, r-oldrel-macos-x86_64, r-oldrel-windows-ix86+x86_64