CRAN Package Check Results for Package flora

Last updated on 2020-10-24 17:48:41 CEST.

Flavor Version Tinstall Tcheck Ttotal Status Flags
r-devel-linux-x86_64-debian-clang 0.3.4 38.44 60.59 99.03 OK
r-devel-linux-x86_64-debian-gcc 0.3.4 37.58 46.89 84.47 OK
r-devel-linux-x86_64-fedora-clang 0.3.4 141.27 NOTE
r-devel-linux-x86_64-fedora-gcc 0.3.4 128.76 OK
r-devel-windows-ix86+x86_64 0.3.4 64.00 74.00 138.00 NOTE
r-patched-linux-x86_64 0.3.4 43.27 53.75 97.02 OK
r-patched-solaris-x86 0.3.4 231.70 NOTE
r-release-linux-x86_64 0.3.4 40.53 53.65 94.18 OK
r-release-macos-x86_64 0.3.4 NOTE
r-release-windows-ix86+x86_64 0.3.4 59.00 55.00 114.00 NOTE
r-oldrel-macos-x86_64 0.3.4 NOTE
r-oldrel-windows-ix86+x86_64 0.3.4 70.00 72.00 142.00 NOTE

Check Details

Version: 0.3.4
Check: installed package size
Result: NOTE
     installed size is 7.2Mb
     sub-directories of 1Mb or more:
     R 7.0Mb
Flavors: r-devel-linux-x86_64-fedora-clang, r-devel-windows-ix86+x86_64, r-patched-solaris-x86, r-release-macos-x86_64, r-release-windows-ix86+x86_64, r-oldrel-macos-x86_64, r-oldrel-windows-ix86+x86_64