CRAN Package Check Results for Package fedregs

Last updated on 2020-10-24 17:48:40 CEST.

Flavor Version Tinstall Tcheck Ttotal Status Flags
r-devel-linux-x86_64-debian-clang 1.0.0 3.71 43.72 47.43 OK
r-devel-linux-x86_64-debian-gcc 1.0.0 2.84 33.92 36.76 OK
r-devel-linux-x86_64-fedora-clang 1.0.0 65.27 NOTE
r-devel-linux-x86_64-fedora-gcc 1.0.0 56.38 NOTE
r-devel-windows-ix86+x86_64 1.0.0 10.00 101.00 111.00 OK
r-patched-linux-x86_64 1.0.0 2.73 41.38 44.11 OK
r-patched-solaris-x86 1.0.0 88.20 NOTE
r-release-linux-x86_64 1.0.0 3.97 40.70 44.67 OK
r-release-macos-x86_64 1.0.0 NOTE
r-release-windows-ix86+x86_64 1.0.0 8.00 69.00 77.00 OK
r-oldrel-macos-x86_64 1.0.0 NOTE
r-oldrel-windows-ix86+x86_64 1.0.0 7.00 85.00 92.00 OK

Check Details

Version: 1.0.0
Check: dependencies in R code
Result: NOTE
    Namespaces in Imports field not imported from:
     ‘rvest’ ‘stringi’
     All declared Imports should be used.
Flavors: r-devel-linux-x86_64-fedora-clang, r-devel-linux-x86_64-fedora-gcc, r-patched-solaris-x86, r-release-macos-x86_64, r-oldrel-macos-x86_64