CRAN Package Check Results for Package fcuk

Last updated on 2020-10-24 17:48:40 CEST.

Flavor Version Tinstall Tcheck Ttotal Status Flags
r-devel-linux-x86_64-debian-clang 0.1.21 3.08 34.57 37.65 NOTE
r-devel-linux-x86_64-debian-gcc 0.1.21 2.17 25.69 27.86 NOTE
r-devel-linux-x86_64-fedora-clang 0.1.21 53.17 NOTE
r-devel-linux-x86_64-fedora-gcc 0.1.21 63.27 NOTE
r-devel-windows-ix86+x86_64 0.1.21 6.00 60.00 66.00 OK
r-patched-linux-x86_64 0.1.21 2.87 31.49 34.36 NOTE
r-patched-solaris-x86 0.1.21 63.70 NOTE
r-release-linux-x86_64 0.1.21 2.64 31.36 34.00 NOTE
r-release-macos-x86_64 0.1.21 OK
r-release-windows-ix86+x86_64 0.1.21 6.00 38.00 44.00 OK
r-oldrel-macos-x86_64 0.1.21 OK
r-oldrel-windows-ix86+x86_64 0.1.21 5.00 52.00 57.00 OK

Check Details

Version: 0.1.21
Check: for non-standard things in the check directory
Result: NOTE
    Found the following files/directories:
     '.Rprofile'
Flavors: r-devel-linux-x86_64-debian-clang, r-devel-linux-x86_64-debian-gcc, r-devel-linux-x86_64-fedora-clang, r-devel-linux-x86_64-fedora-gcc, r-patched-linux-x86_64, r-patched-solaris-x86, r-release-linux-x86_64