CRAN Package Check Results for Package extrafont

Last updated on 2020-02-29 01:51:06 CET.

Flavor Version Tinstall Tcheck Ttotal Status Flags
r-devel-linux-x86_64-debian-clang 0.17 2.45 19.81 22.26 NOTE
r-devel-linux-x86_64-debian-gcc 0.17 1.92 15.91 17.83 NOTE
r-devel-linux-x86_64-fedora-clang 0.17 28.41 NOTE
r-devel-linux-x86_64-fedora-gcc 0.17 26.79 NOTE
r-devel-windows-ix86+x86_64 0.17 5.00 33.00 38.00 NOTE
r-devel-windows-ix86+x86_64-gcc8 0.17 5.00 33.00 38.00 NOTE
r-patched-linux-x86_64 0.17 1.84 17.74 19.58 NOTE
r-patched-solaris-x86 0.17 38.70 NOTE
r-release-linux-x86_64 0.17 1.96 18.41 20.37 NOTE
r-release-windows-ix86+x86_64 0.17 11.00 45.00 56.00 NOTE
r-release-osx-x86_64 0.17 NOTE
r-oldrel-windows-ix86+x86_64 0.17 5.00 44.00 49.00 NOTE
r-oldrel-osx-x86_64 0.17 NOTE

Check Details

Version: 0.17
Check: R code for possible problems
Result: NOTE
    font_install: no visible global function definition for
     'installed.packages'
    font_install: no visible global function definition for
     'install.packages'
    fonttable_add: no visible global function definition for 'write.csv'
    Undefined global functions or variables:
     install.packages installed.packages write.csv
    Consider adding
     importFrom("utils", "install.packages", "installed.packages",
     "write.csv")
    to your NAMESPACE file.
Flavors: r-devel-linux-x86_64-debian-clang, r-devel-linux-x86_64-debian-gcc, r-devel-linux-x86_64-fedora-clang, r-devel-linux-x86_64-fedora-gcc, r-devel-windows-ix86+x86_64, r-devel-windows-ix86+x86_64-gcc8, r-patched-linux-x86_64, r-patched-solaris-x86, r-release-linux-x86_64, r-release-windows-ix86+x86_64, r-release-osx-x86_64, r-oldrel-windows-ix86+x86_64, r-oldrel-osx-x86_64