CRAN Package Check Results for Package dyndimred

Last updated on 2020-10-25 12:47:03 CET.

Flavor Version Tinstall Tcheck Ttotal Status Flags
r-devel-linux-x86_64-debian-clang 1.0.3 8.53 135.76 144.29 OK
r-devel-linux-x86_64-debian-gcc 1.0.3 7.53 104.17 111.70 OK
r-devel-linux-x86_64-fedora-clang 1.0.3 183.89 OK
r-devel-linux-x86_64-fedora-gcc 1.0.3 169.64 OK
r-devel-windows-ix86+x86_64 1.0.3 21.00 154.00 175.00 OK
r-patched-linux-x86_64 1.0.3 7.78 126.97 134.75 OK
r-patched-solaris-x86 1.0.3 272.90 OK
r-release-linux-x86_64 1.0.3 8.85 128.54 137.39 OK
r-release-macos-x86_64 1.0.3 ERROR
r-release-windows-ix86+x86_64 1.0.3 18.00 118.00 136.00 OK
r-oldrel-macos-x86_64 1.0.3 ERROR
r-oldrel-windows-ix86+x86_64 1.0.3 18.00 155.00 173.00 OK

Check Details

Version: 1.0.3
Check: package dependencies
Result: NOTE
    Package suggested but not available for checking: ‘destiny’
Flavor: r-release-macos-x86_64

Version: 1.0.3
Check: tests
Result: ERROR
     Running ‘testthat.R’ [17s/23s]
    Running the tests in ‘tests/testthat.R’ failed.
    Last 13 lines of output:
    
     ── 2. Error: Perform dimred dm_destiny ────────────────────────────────────────
     Please install the following packages:
     "destiny"
     Backtrace:
     1. dyndimred:::method_fun(small_expr)
     2. dynutils::install_packages("destiny")
    
     ══ testthat results ═══════════════════════════════════════════════════════════
     [ OK: 191 | SKIPPED: 0 | WARNINGS: 5 | FAILED: 2 ]
     1. Error: Perform dimred dm_destiny
     2. Error: Perform dimred dm_destiny
    
     Error: testthat unit tests failed
     Execution halted
Flavor: r-release-macos-x86_64

Version: 1.0.3
Check: tests
Result: ERROR
     Running ‘testthat.R’ [35s/34s]
    Running the tests in ‘tests/testthat.R’ failed.
    Last 13 lines of output:
    
     ── 2. Error: Perform dimred dm_destiny ────────────────────────────────────────
     Please install the following packages:
     "destiny"
     Backtrace:
     1. dyndimred:::method_fun(small_expr)
     2. dynutils::install_packages("destiny")
    
     ══ testthat results ═══════════════════════════════════════════════════════════
     [ OK: 191 | SKIPPED: 0 | WARNINGS: 5 | FAILED: 2 ]
     1. Error: Perform dimred dm_destiny
     2. Error: Perform dimred dm_destiny
    
     Error: testthat unit tests failed
     Execution halted
Flavor: r-oldrel-macos-x86_64