CRAN Package Check Results for Package corrplot

Last updated on 2020-10-28 05:48:31 CET.

Flavor Version Tinstall Tcheck Ttotal Status Flags
r-devel-linux-x86_64-debian-clang 0.84 3.72 41.47 45.19 OK
r-devel-linux-x86_64-debian-gcc 0.84 2.63 31.47 34.10 OK
r-devel-linux-x86_64-fedora-clang 0.84 63.17 NOTE
r-devel-linux-x86_64-fedora-gcc 0.84 54.48 OK
r-devel-windows-ix86+x86_64 0.84 8.00 66.00 74.00 NOTE
r-patched-linux-x86_64 0.84 OK
r-patched-solaris-x86 0.84 78.30 NOTE
r-release-linux-x86_64 0.84 3.44 39.17 42.61 OK
r-release-macos-x86_64 0.84 NOTE
r-release-windows-ix86+x86_64 0.84 6.00 51.00 57.00 NOTE
r-oldrel-macos-x86_64 0.84 NOTE
r-oldrel-windows-ix86+x86_64 0.84 14.00 62.00 76.00 NOTE

Check Details

Version: 0.84
Check: installed package size
Result: NOTE
     installed size is 7.0Mb
     sub-directories of 1Mb or more:
     doc 6.9Mb
Flavors: r-devel-linux-x86_64-fedora-clang, r-devel-windows-ix86+x86_64, r-patched-solaris-x86, r-release-macos-x86_64, r-release-windows-ix86+x86_64, r-oldrel-macos-x86_64, r-oldrel-windows-ix86+x86_64