CRAN Package Check Results for Package corpora

Last updated on 2020-08-04 09:48:22 CEST.

Flavor Version Tinstall Tcheck Ttotal Status Flags
r-devel-linux-x86_64-debian-clang 0.5 4.22 29.80 34.02 OK
r-devel-linux-x86_64-debian-gcc 0.5 3.28 23.24 26.52 OK
r-devel-linux-x86_64-fedora-clang 0.5 48.80 NOTE
r-devel-linux-x86_64-fedora-gcc 0.5 40.52 NOTE
r-devel-windows-ix86+x86_64 0.5 11.00 41.00 52.00 OK
r-patched-linux-x86_64 0.5 4.10 29.80 33.90 OK
r-patched-solaris-x86 0.5 62.40 NOTE
r-release-linux-x86_64 0.5 3.37 30.00 33.37 OK
r-release-macos-x86_64 0.5 NOTE
r-release-windows-ix86+x86_64 0.5 8.00 44.00 52.00 OK
r-oldrel-macos-x86_64 0.5 NOTE
r-oldrel-windows-ix86+x86_64 0.5 7.00 54.00 61.00 OK

Check Details

Version: 0.5
Check: data for non-ASCII characters
Result: NOTE
     Note: found 1187 marked UTF-8 strings
Flavors: r-devel-linux-x86_64-fedora-clang, r-devel-linux-x86_64-fedora-gcc, r-patched-solaris-x86, r-release-macos-x86_64, r-oldrel-macos-x86_64