CRAN Package Check Results for Package clusterSim

Last updated on 2020-10-25 12:47:01 CET.

Flavor Version Tinstall Tcheck Ttotal Status Flags
r-devel-linux-x86_64-debian-clang 0.49-1 13.97 103.11 117.08 OK
r-devel-linux-x86_64-debian-gcc 0.49-1 11.07 76.42 87.49 OK
r-devel-linux-x86_64-fedora-clang 0.49-1 143.83 OK
r-devel-linux-x86_64-fedora-gcc 0.49-1 133.61 OK
r-devel-windows-ix86+x86_64 0.49-1 26.00 175.00 201.00 OK
r-patched-linux-x86_64 0.49-1 13.53 95.63 109.16 OK
r-patched-solaris-x86 0.49-1 169.80 OK
r-release-linux-x86_64 0.49-1 13.94 95.50 109.44 OK
r-release-macos-x86_64 0.49-1 OK
r-release-windows-ix86+x86_64 0.49-1 21.00 126.00 147.00 OK
r-oldrel-macos-x86_64 0.49-1 WARN
r-oldrel-windows-ix86+x86_64 0.49-1 25.00 155.00 180.00 OK

Check Details

Version: 0.49-1
Check: whether package can be installed
Result: WARN
    Found the following significant warnings:
     Warning: 'rgl.init' failed, running with 'rgl.useNULL = TRUE'.
Flavor: r-oldrel-macos-x86_64