CRAN Package Check Results for Package candisc

Last updated on 2020-10-24 17:48:36 CEST.

Flavor Version Tinstall Tcheck Ttotal Status Flags
r-devel-linux-x86_64-debian-clang 0.8-3 7.19 68.63 75.82 OK
r-devel-linux-x86_64-debian-gcc 0.8-3 5.52 50.38 55.90 OK
r-devel-linux-x86_64-fedora-clang 0.8-3 96.87 NOTE
r-devel-linux-x86_64-fedora-gcc 0.8-3 88.00 OK
r-devel-windows-ix86+x86_64 0.8-3 16.00 90.00 106.00 OK
r-patched-linux-x86_64 0.8-3 7.44 62.61 70.05 OK
r-patched-solaris-x86 0.8-3 117.90 OK
r-release-linux-x86_64 0.8-3 6.14 61.89 68.03 OK
r-release-macos-x86_64 0.8-3 OK
r-release-windows-ix86+x86_64 0.8-3 15.00 73.00 88.00 OK
r-oldrel-macos-x86_64 0.8-3 OK
r-oldrel-windows-ix86+x86_64 0.8-3 13.00 89.00 102.00 OK

Check Details

Version: 0.8-3
Check: Rd cross-references
Result: NOTE
    Undeclared packages ‘yacca’, ‘CCA’ in Rd xrefs
Flavor: r-devel-linux-x86_64-fedora-clang